{"id":2474,"date":"2024-06-10T05:25:07","date_gmt":"2024-06-10T05:25:07","guid":{"rendered":"https:\/\/crowdytheme.com\/wp\/arolax\/inner-pages\/?page_id=2474"},"modified":"2025-02-18T17:23:48","modified_gmt":"2025-02-18T17:23:48","slug":"contact-us","status":"publish","type":"page","link":"http:\/\/www.assosmetal.com.tr\/public_html\/contact-us\/","title":{"rendered":"Contact Us"},"content":{"rendered":"\t\t<div data-elementor-type=\"wp-page\" data-elementor-id=\"2474\" class=\"elementor elementor-2474\" data-elementor-post-type=\"page\">\n\t\t\t\t<div class=\"elementor-element elementor-element-163527d e-flex e-con-boxed e-con e-parent\" data-id=\"163527d\" data-element_type=\"container\" data-settings=\"{&quot;wcf_enable_cursor_hover_effect_text&quot;:&quot;View&quot;,&quot;wcf-animation&quot;:&quot;none&quot;}\">\n\t\t\t\t\t<div class=\"e-con-inner\">\n\t\t<div class=\"elementor-element elementor-element-86b2b03 e-con-full e-flex e-con e-child\" data-id=\"86b2b03\" data-element_type=\"container\" data-settings=\"{&quot;wcf_enable_cursor_hover_effect_text&quot;:&quot;View&quot;,&quot;wcf-animation&quot;:&quot;none&quot;}\">\n\t\t\t\t<div class=\"elementor-element elementor-element-126144e elementor-widget__width-initial elementor-widget-laptop__width-inherit wcf-t-animation-none elementor-widget elementor-widget-wcf--title\" data-id=\"126144e\" data-element_type=\"widget\" data-settings=\"{&quot;wcf-animation&quot;:&quot;fade&quot;,&quot;data-duration&quot;:0.75,&quot;fade-offset&quot;:40,&quot;wcf_text_animation&quot;:&quot;none&quot;,&quot;delay&quot;:0.15,&quot;fade-from&quot;:&quot;bottom&quot;,&quot;ease&quot;:&quot;power2.out&quot;}\" data-widget_type=\"wcf--title.default\">\n\t\t\t\t<div class=\"elementor-widget-container\">\n\t\t\t\t\t<h2 class=\"wcf--title\">\u00dcr\u00fcnlerimizi sat\u0131n almak veya bayiilik i\u00e7in bize ula\u015f\u0131n!<\/h2>\t\t\t\t<\/div>\n\t\t\t\t<\/div>\n\t\t\t\t<\/div>\n\t\t<div class=\"elementor-element elementor-element-dd73529 e-con-full e-flex e-con e-child\" data-id=\"dd73529\" data-element_type=\"container\" data-settings=\"{&quot;wcf_enable_cursor_hover_effect_text&quot;:&quot;View&quot;,&quot;wcf-animation&quot;:&quot;none&quot;}\">\n\t\t<div class=\"elementor-element elementor-element-05048cb e-con-full e-flex e-con e-child\" data-id=\"05048cb\" data-element_type=\"container\" data-settings=\"{&quot;wcf_enable_cursor_hover_effect_text&quot;:&quot;View&quot;,&quot;wcf-animation&quot;:&quot;none&quot;}\">\n\t\t<div class=\"elementor-element elementor-element-a90fe85 e-con-full e-flex e-con e-child\" data-id=\"a90fe85\" data-element_type=\"container\" data-settings=\"{&quot;wcf_enable_cursor_hover_effect_text&quot;:&quot;View&quot;,&quot;wcf-animation&quot;:&quot;none&quot;}\">\n\t\t\t\t<div class=\"elementor-element elementor-element-d7de604 elementor-widget elementor-widget-wcf--image\" data-id=\"d7de604\" data-element_type=\"widget\" data-settings=\"{&quot;wcf-animation&quot;:&quot;fade&quot;,&quot;fade-from&quot;:&quot;left&quot;,&quot;data-duration&quot;:0.75,&quot;fade-offset&quot;:40,&quot;wcf-image-animation&quot;:&quot;none&quot;,&quot;delay&quot;:0.15,&quot;ease&quot;:&quot;power2.out&quot;}\" data-widget_type=\"wcf--image.default\">\n\t\t\t\t<div class=\"elementor-widget-container\">\n\t\t\t\t\t\t\t<div class=\"wcf--image\">\r\n\t\t\t<img fetchpriority=\"high\" decoding=\"async\" width=\"1707\" height=\"2560\" src=\"http:\/\/www.assosmetal.com.tr\/public_html\/wp-content\/uploads\/2025\/02\/pexels-shkrabaanthony-5816299-scaled.jpg\" class=\"attachment-full size-full wp-image-10310\" alt=\"\" srcset=\"http:\/\/www.assosmetal.com.tr\/public_html\/wp-content\/uploads\/2025\/02\/pexels-shkrabaanthony-5816299-scaled.jpg 1707w, http:\/\/www.assosmetal.com.tr\/public_html\/wp-content\/uploads\/2025\/02\/pexels-shkrabaanthony-5816299-200x300.jpg 200w, http:\/\/www.assosmetal.com.tr\/public_html\/wp-content\/uploads\/2025\/02\/pexels-shkrabaanthony-5816299-683x1024.jpg 683w, http:\/\/www.assosmetal.com.tr\/public_html\/wp-content\/uploads\/2025\/02\/pexels-shkrabaanthony-5816299-768x1152.jpg 768w, http:\/\/www.assosmetal.com.tr\/public_html\/wp-content\/uploads\/2025\/02\/pexels-shkrabaanthony-5816299-1024x1536.jpg 1024w, http:\/\/www.assosmetal.com.tr\/public_html\/wp-content\/uploads\/2025\/02\/pexels-shkrabaanthony-5816299-1365x2048.jpg 1365w, http:\/\/www.assosmetal.com.tr\/public_html\/wp-content\/uploads\/2025\/02\/pexels-shkrabaanthony-5816299-350x525.jpg 350w\" sizes=\"(max-width: 1707px) 100vw, 1707px\" \/>\t\t<\/div>\r\n\t\t\t\t\t\t<\/div>\n\t\t\t\t<\/div>\n\t\t<div class=\"elementor-element elementor-element-1232307 e-flex e-con-boxed e-con e-child\" data-id=\"1232307\" data-element_type=\"container\" data-settings=\"{&quot;background_background&quot;:&quot;classic&quot;,&quot;wcf_enable_cursor_hover_effect_text&quot;:&quot;View&quot;,&quot;wcf-animation&quot;:&quot;fade&quot;,&quot;data-duration&quot;:0.75,&quot;fade-offset&quot;:40,&quot;delay&quot;:0.15,&quot;fade-from&quot;:&quot;bottom&quot;,&quot;ease&quot;:&quot;power2.out&quot;}\">\n\t\t\t\t\t<div class=\"e-con-inner\">\n\t\t\t\t<div class=\"elementor-element elementor-element-cd1d59f elementor-view-default elementor-widget elementor-widget-icon\" data-id=\"cd1d59f\" data-element_type=\"widget\" data-settings=\"{&quot;wcf-animation&quot;:&quot;none&quot;}\" data-widget_type=\"icon.default\">\n\t\t\t\t<div class=\"elementor-widget-container\">\n\t\t\t\t\t\t\t<div class=\"elementor-icon-wrapper\">\n\t\t\t<div class=\"elementor-icon\">\n\t\t\t<i aria-hidden=\"true\" class=\"arolax-theme arolax-wcf-icon icon-wcf-whatsup\"><\/i>\t\t\t<\/div>\n\t\t<\/div>\n\t\t\t\t\t\t<\/div>\n\t\t\t\t<\/div>\n\t\t\t\t<div class=\"elementor-element elementor-element-3488855 wcf-t-animation-none elementor-widget elementor-widget-wcf--title\" data-id=\"3488855\" data-element_type=\"widget\" data-settings=\"{&quot;wcf_text_animation&quot;:&quot;none&quot;,&quot;wcf-animation&quot;:&quot;none&quot;}\" data-widget_type=\"wcf--title.default\">\n\t\t\t\t<div class=\"elementor-widget-container\">\n\t\t\t\t\t<h2 class=\"wcf--title\">WhatsApp<\/h2>\t\t\t\t<\/div>\n\t\t\t\t<\/div>\n\t\t\t\t<div class=\"elementor-element elementor-element-6ae1ede wcf-t-animation-none elementor-widget elementor-widget-wcf--title\" data-id=\"6ae1ede\" data-element_type=\"widget\" data-settings=\"{&quot;wcf_text_animation&quot;:&quot;none&quot;,&quot;wcf-animation&quot;:&quot;none&quot;}\" data-widget_type=\"wcf--title.default\">\n\t\t\t\t<div class=\"elementor-widget-container\">\n\t\t\t\t\t<h2 class=\"wcf--title\">0533 591 35 05 \/\n0533 744 39 00<\/h2>\t\t\t\t<\/div>\n\t\t\t\t<\/div>\n\t\t\t\t\t<\/div>\n\t\t\t\t<\/div>\n\t\t\t\t<\/div>\n\t\t<div class=\"elementor-element elementor-element-c6da28d e-con-full e-flex e-con e-child\" data-id=\"c6da28d\" data-element_type=\"container\" data-settings=\"{&quot;wcf_enable_cursor_hover_effect_text&quot;:&quot;View&quot;,&quot;wcf-animation&quot;:&quot;none&quot;}\">\n\t\t\t\t<div class=\"elementor-element elementor-element-fd4f834 elementor-widget elementor-widget-wcf--image\" data-id=\"fd4f834\" data-element_type=\"widget\" data-settings=\"{&quot;wcf-animation&quot;:&quot;fade&quot;,&quot;data-duration&quot;:0.75,&quot;fade-offset&quot;:40,&quot;wcf-image-animation&quot;:&quot;none&quot;,&quot;delay&quot;:0.15,&quot;fade-from&quot;:&quot;bottom&quot;,&quot;ease&quot;:&quot;power2.out&quot;}\" data-widget_type=\"wcf--image.default\">\n\t\t\t\t<div class=\"elementor-widget-container\">\n\t\t\t\t\t\t\t<div class=\"wcf--image\">\r\n\t\t\t<img decoding=\"async\" src=\"http:\/\/www.assosmetal.com.tr\/public_html\/wp-content\/uploads\/2025\/02\/pexels-fauxels-3183197-scaled.jpg\" title=\"pexels-fauxels-3183197\" alt=\"pexels-fauxels-3183197\" loading=\"lazy\" \/>\t\t<\/div>\r\n\t\t\t\t\t\t<\/div>\n\t\t\t\t<\/div>\n\t\t\t\t<div class=\"elementor-element elementor-element-7a58664 elementor-widget elementor-widget-wcf--image\" data-id=\"7a58664\" data-element_type=\"widget\" data-settings=\"{&quot;wcf-animation&quot;:&quot;fade&quot;,&quot;data-duration&quot;:0.75,&quot;fade-offset&quot;:40,&quot;wcf-image-animation&quot;:&quot;none&quot;,&quot;delay&quot;:0.15,&quot;fade-from&quot;:&quot;bottom&quot;,&quot;ease&quot;:&quot;power2.out&quot;}\" data-widget_type=\"wcf--image.default\">\n\t\t\t\t<div class=\"elementor-widget-container\">\n\t\t\t\t\t\t\t<div class=\"wcf--image\">\r\n\t\t\t<img decoding=\"async\" width=\"2560\" height=\"1707\" src=\"http:\/\/www.assosmetal.com.tr\/public_html\/wp-content\/uploads\/2025\/02\/different-people-brainstorming-work-meeting-1-scaled.jpg\" class=\"attachment-full size-full wp-image-10303\" alt=\"\" srcset=\"http:\/\/www.assosmetal.com.tr\/public_html\/wp-content\/uploads\/2025\/02\/different-people-brainstorming-work-meeting-1-scaled.jpg 2560w, http:\/\/www.assosmetal.com.tr\/public_html\/wp-content\/uploads\/2025\/02\/different-people-brainstorming-work-meeting-1-300x200.jpg 300w, http:\/\/www.assosmetal.com.tr\/public_html\/wp-content\/uploads\/2025\/02\/different-people-brainstorming-work-meeting-1-1024x683.jpg 1024w, http:\/\/www.assosmetal.com.tr\/public_html\/wp-content\/uploads\/2025\/02\/different-people-brainstorming-work-meeting-1-768x512.jpg 768w, http:\/\/www.assosmetal.com.tr\/public_html\/wp-content\/uploads\/2025\/02\/different-people-brainstorming-work-meeting-1-1536x1024.jpg 1536w, http:\/\/www.assosmetal.com.tr\/public_html\/wp-content\/uploads\/2025\/02\/different-people-brainstorming-work-meeting-1-2048x1365.jpg 2048w, http:\/\/www.assosmetal.com.tr\/public_html\/wp-content\/uploads\/2025\/02\/different-people-brainstorming-work-meeting-1-350x233.jpg 350w\" sizes=\"(max-width: 2560px) 100vw, 2560px\" \/>\t\t<\/div>\r\n\t\t\t\t\t\t<\/div>\n\t\t\t\t<\/div>\n\t\t\t\t<\/div>\n\t\t\t\t<\/div>\n\t\t\t\t<\/div>\n\t\t\t\t\t<\/div>\n\t\t\t\t<\/div>\n\t\t<div class=\"elementor-element elementor-element-284fd45 e-flex e-con-boxed e-con e-parent\" data-id=\"284fd45\" data-element_type=\"container\" data-settings=\"{&quot;wcf_enable_cursor_hover_effect_text&quot;:&quot;View&quot;,&quot;wcf-animation&quot;:&quot;none&quot;}\">\n\t\t\t\t\t<div class=\"e-con-inner\">\n\t\t\t\t<div class=\"elementor-element elementor-element-522fe85 elementor-widget elementor-widget-google_maps\" data-id=\"522fe85\" data-element_type=\"widget\" data-settings=\"{&quot;wcf-animation&quot;:&quot;none&quot;}\" data-widget_type=\"google_maps.default\">\n\t\t\t\t<div class=\"elementor-widget-container\">\n\t\t\t\t\t\t\t<div class=\"elementor-custom-embed\">\n\t\t\t<iframe loading=\"lazy\"\n\t\t\t\t\tsrc=\"https:\/\/maps.google.com\/maps?q=%C4%B0kitelli%20OSB%20Demirciler%20Sitesi%20B2%20Blok%20No%3A65%2FB%20Ba%C5%9Fak%C5%9Fehir%2Fistanbul&#038;t=m&#038;z=10&#038;output=embed&#038;iwloc=near\"\n\t\t\t\t\ttitle=\"\u0130kitelli OSB Demirciler Sitesi B2 Blok No:65\/B Ba\u015fak\u015fehir\/istanbul\"\n\t\t\t\t\taria-label=\"\u0130kitelli OSB Demirciler Sitesi B2 Blok No:65\/B Ba\u015fak\u015fehir\/istanbul\"\n\t\t\t><\/iframe>\n\t\t<\/div>\n\t\t\t\t\t\t<\/div>\n\t\t\t\t<\/div>\n\t\t\t\t\t<\/div>\n\t\t\t\t<\/div>\n\t\t<div class=\"elementor-element elementor-element-a8f0b09 e-flex e-con-boxed e-con e-parent\" data-id=\"a8f0b09\" data-element_type=\"container\" data-settings=\"{&quot;wcf_enable_cursor_hover_effect_text&quot;:&quot;View&quot;,&quot;wcf-animation&quot;:&quot;none&quot;}\">\n\t\t\t\t\t<div class=\"e-con-inner\">\n\t\t<div class=\"elementor-element elementor-element-e0085e8 e-con-full e-flex e-con e-child\" data-id=\"e0085e8\" data-element_type=\"container\" data-settings=\"{&quot;wcf_enable_cursor_hover_effect_text&quot;:&quot;View&quot;,&quot;wcf-animation&quot;:&quot;none&quot;}\">\n\t\t\t\t<div class=\"elementor-element elementor-element-5af6e88 elementor-widget__width-inherit elementor-widget-laptop__width-initial wcf-t-animation-none elementor-widget elementor-widget-wcf--title\" data-id=\"5af6e88\" data-element_type=\"widget\" data-settings=\"{&quot;wcf-animation&quot;:&quot;fade&quot;,&quot;data-duration&quot;:0.75,&quot;fade-offset&quot;:40,&quot;wcf_text_animation&quot;:&quot;none&quot;,&quot;delay&quot;:0.15,&quot;on-scroll&quot;:1,&quot;fade-from&quot;:&quot;bottom&quot;,&quot;ease&quot;:&quot;power2.out&quot;}\" data-widget_type=\"wcf--title.default\">\n\t\t\t\t<div class=\"elementor-widget-container\">\n\t\t\t\t\t<h2 class=\"wcf--title\">Sizlere en uygun \u00e7\u00f6z\u00fcm\u00fc sunmak i\u00e7in buraday\u0131z.<\/h2>\t\t\t\t<\/div>\n\t\t\t\t<\/div>\n\t\t\t\t<\/div>\n\t\t<div class=\"elementor-element elementor-element-c734d91 e-con-full e-flex e-con e-child\" data-id=\"c734d91\" data-element_type=\"container\" data-settings=\"{&quot;wcf_enable_cursor_hover_effect_text&quot;:&quot;View&quot;,&quot;wcf-animation&quot;:&quot;none&quot;}\">\n\t\t\t\t<\/div>\n\t\t<div class=\"elementor-element elementor-element-9ab2bd7 e-con-full e-flex e-con e-child\" data-id=\"9ab2bd7\" data-element_type=\"container\" data-settings=\"{&quot;wcf_enable_cursor_hover_effect_text&quot;:&quot;View&quot;,&quot;wcf-animation&quot;:&quot;fade&quot;,&quot;data-duration&quot;:0.75,&quot;fade-offset&quot;:40,&quot;delay&quot;:0.15,&quot;on-scroll&quot;:1,&quot;fade-from&quot;:&quot;bottom&quot;,&quot;ease&quot;:&quot;power2.out&quot;}\">\n\t\t\t\t<div class=\"elementor-element elementor-element-f6a9737 elementor-widget elementor-widget-wcf--button\" data-id=\"f6a9737\" data-element_type=\"widget\" data-settings=\"{&quot;wcf-animation&quot;:&quot;none&quot;}\" data-widget_type=\"wcf--button.default\">\n\t\t\t\t<div class=\"elementor-widget-container\">\n\t\t\t\t\t        <div class=\"wcf__btn\">\r\n\t\t\t                <a href=\"http:\/\/0212%20671%2047%2017\" class=\"wcf-btn-underline\">\r\n\t\t\t\t\t\t\t\t\t\tTEL: 0212 671 47 17                <\/a>\r\n\t\t\t\t        <\/div>\r\n\t\t\t\t\t\t<\/div>\n\t\t\t\t<\/div>\n\t\t\t\t<div class=\"elementor-element elementor-element-1a8cb47 elementor-widget elementor-widget-wcf--button\" data-id=\"1a8cb47\" data-element_type=\"widget\" data-settings=\"{&quot;wcf-animation&quot;:&quot;none&quot;}\" data-widget_type=\"wcf--button.default\">\n\t\t\t\t<div class=\"elementor-widget-container\">\n\t\t\t\t\t        <div class=\"wcf__btn\">\r\n\t\t\t                <a href=\"http:\/\/0533%20591%2035%2005\" class=\"wcf-btn-underline\">\r\n\t\t\t\t\t\t\t\t\t\tWhatsApp: 0533 591 35 05                <\/a>\r\n\t\t\t\t        <\/div>\r\n\t\t\t\t\t\t<\/div>\n\t\t\t\t<\/div>\n\t\t\t\t<div class=\"elementor-element elementor-element-e5b6d6f elementor-widget elementor-widget-wcf--button\" data-id=\"e5b6d6f\" data-element_type=\"widget\" data-settings=\"{&quot;wcf-animation&quot;:&quot;none&quot;}\" data-widget_type=\"wcf--button.default\">\n\t\t\t\t<div class=\"elementor-widget-container\">\n\t\t\t\t\t        <div class=\"wcf__btn\">\r\n\t\t\t                <a href=\"http:\/\/0533%20744%2039%2000\" class=\"wcf-btn-underline\">\r\n\t\t\t\t\t\t\t\t\t\tWhatsApp: 0533 744 39 00                <\/a>\r\n\t\t\t\t        <\/div>\r\n\t\t\t\t\t\t<\/div>\n\t\t\t\t<\/div>\n\t\t\t\t<div class=\"elementor-element elementor-element-ba0f4de elementor-widget elementor-widget-wcf--button\" data-id=\"ba0f4de\" data-element_type=\"widget\" data-settings=\"{&quot;wcf-animation&quot;:&quot;none&quot;}\" data-widget_type=\"wcf--button.default\">\n\t\t\t\t<div class=\"elementor-widget-container\">\n\t\t\t\t\t        <div class=\"wcf__btn\">\r\n\t\t\t                <a href=\"http:\/\/0212%20510%2060%2064\" class=\"wcf-btn-underline\">\r\n\t\t\t\t\t\t\t\t\t\tFAX: 0212 510 60 64                <\/a>\r\n\t\t\t\t        <\/div>\r\n\t\t\t\t\t\t<\/div>\n\t\t\t\t<\/div>\n\t\t\t\t<div class=\"elementor-element elementor-element-38a34de elementor-widget elementor-widget-wcf--button\" data-id=\"38a34de\" data-element_type=\"widget\" data-settings=\"{&quot;wcf-animation&quot;:&quot;none&quot;}\" data-widget_type=\"wcf--button.default\">\n\t\t\t\t<div class=\"elementor-widget-container\">\n\t\t\t\t\t        <div class=\"wcf__btn\">\r\n\t\t\t                <a href=\"http:\/\/info@assosmetal.com.tr\" class=\"wcf-btn-underline\">\r\n\t\t\t\t\t\t\t\t\t\tinfo@assosmetal.com.tr                <\/a>\r\n\t\t\t\t        <\/div>\r\n\t\t\t\t\t\t<\/div>\n\t\t\t\t<\/div>\n\t\t\t\t<div class=\"elementor-element elementor-element-9739756 elementor-widget__width-initial wcf-t-animation-none elementor-widget elementor-widget-wcf--title\" data-id=\"9739756\" data-element_type=\"widget\" data-settings=\"{&quot;wcf_text_animation&quot;:&quot;none&quot;,&quot;wcf-animation&quot;:&quot;none&quot;}\" data-widget_type=\"wcf--title.default\">\n\t\t\t\t<div class=\"elementor-widget-container\">\n\t\t\t\t\t<h2 class=\"wcf--title\">\n\u0130kitelli OSB Demirciler Sitesi B2 Blok No:65\/B Ba\u015fak\u015fehir\/istanbul<\/h2>\t\t\t\t<\/div>\n\t\t\t\t<\/div>\n\t\t\t\t<\/div>\n\t\t\t\t\t<\/div>\n\t\t\t\t<\/div>\n\t\t\t\t<\/div>\n\t\t","protected":false},"excerpt":{"rendered":"<p>\u00dcr\u00fcnlerimizi sat\u0131n almak veya bayiilik i\u00e7in bize ula\u015f\u0131n! WhatsApp 0533 591 35 05 \/ 0533 744 39 00 Sizlere en uygun \u00e7\u00f6z\u00fcm\u00fc sunmak i\u00e7in buraday\u0131z. TEL: 0212 671 47 17 WhatsApp: 0533 591 35 05 WhatsApp: 0533 744 39 00 FAX: 0212 510 60 64 info@assosmetal.com.tr \u0130kitelli OSB Demirciler Sitesi B2 Blok No:65\/B Ba\u015fak\u015fehir\/istanbul<\/p>\n","protected":false},"author":1,"featured_media":0,"parent":0,"menu_order":0,"comment_status":"closed","ping_status":"closed","template":"elementor_header_footer","meta":{"footnotes":""},"class_list":["post-2474","page","type-page","status-publish","hentry"],"jetpack_sharing_enabled":true,"_links":{"self":[{"href":"http:\/\/www.assosmetal.com.tr\/public_html\/wp-json\/wp\/v2\/pages\/2474","targetHints":{"allow":["GET"]}}],"collection":[{"href":"http:\/\/www.assosmetal.com.tr\/public_html\/wp-json\/wp\/v2\/pages"}],"about":[{"href":"http:\/\/www.assosmetal.com.tr\/public_html\/wp-json\/wp\/v2\/types\/page"}],"author":[{"embeddable":true,"href":"http:\/\/www.assosmetal.com.tr\/public_html\/wp-json\/wp\/v2\/users\/1"}],"replies":[{"embeddable":true,"href":"http:\/\/www.assosmetal.com.tr\/public_html\/wp-json\/wp\/v2\/comments?post=2474"}],"version-history":[{"count":18,"href":"http:\/\/www.assosmetal.com.tr\/public_html\/wp-json\/wp\/v2\/pages\/2474\/revisions"}],"predecessor-version":[{"id":10313,"href":"http:\/\/www.assosmetal.com.tr\/public_html\/wp-json\/wp\/v2\/pages\/2474\/revisions\/10313"}],"wp:attachment":[{"href":"http:\/\/www.assosmetal.com.tr\/public_html\/wp-json\/wp\/v2\/media?parent=2474"}],"curies":[{"name":"wp","href":"https:\/\/api.w.org\/{rel}","templated":true}]}}