{"id":10089,"date":"2025-02-14T12:16:32","date_gmt":"2025-02-14T12:16:32","guid":{"rendered":"http:\/\/www.assosmetal.com.tr\/public_html\/?post_type=product&#038;p=10089"},"modified":"2025-02-14T12:16:32","modified_gmt":"2025-02-14T12:16:32","slug":"dormakaba-ts-compact-dirsek-kollu-kapi-kapatici","status":"publish","type":"product","link":"http:\/\/www.assosmetal.com.tr\/public_html\/urun\/dormakaba-ts-compact-dirsek-kollu-kapi-kapatici\/","title":{"rendered":"Dormakaba TS Compact Dirsek Kollu Kap\u0131 Kapat\u0131c\u0131"},"content":{"rendered":"<p><strong>DORMA TS Compact modeli ilet\u00fcm d\u00fcnyada standart boyutlardaki i\u00e7 mekan kap\u0131lar\u0131nda kullan\u0131labilecek bir kap\u0131 kapat\u0131c\u0131 geli\u015ftirmi\u015ftir.<\/strong><\/p>\n<p><strong>Kurulumu h\u0131zl\u0131 ve kolayd\u0131r ve montaj plakas\u0131 gerektirmez.<\/strong><\/p>\n<p><strong>Montaj yeri de\u011fi\u015ftirilerek ayn\u0131 kap\u0131 kapat\u0131c\u0131 ile farkl\u0131 kapanma g\u00fcc\u00fc imkan\u0131.<\/strong><\/p>\n<ul>\n<li>ISO 9001&#8217;e g\u00f6re sertifikalanm\u0131\u015f sistem<\/li>\n<li>Kapanma g\u00fcc\u00fc EN 2\/3\/4<\/li>\n<li>Ayarlanabilir kapanma h\u0131z\u0131<\/li>\n<li>Standart kap\u0131lar i\u00e7in = 1100 mm<\/li>\n<li>Sa\u011f-sol kap\u0131lar i\u00e7in uygun<\/li>\n<li>Opsiyonel sabitlemeli model<\/li>\n<\/ul>\n","protected":false},"excerpt":{"rendered":"<p>DORMA TS Compact modeli ilet\u00fcm d\u00fcnyada standart boyutlardaki i\u00e7 mekan kap\u0131lar\u0131nda kullan\u0131labilecek bir kap\u0131 kapat\u0131c\u0131 geli\u015ftirmi\u015ftir. Kurulumu h\u0131zl\u0131 ve kolayd\u0131r ve montaj plakas\u0131 gerektirmez. Montaj yeri de\u011fi\u015ftirilerek ayn\u0131 kap\u0131 kapat\u0131c\u0131 ile farkl\u0131 kapanma g\u00fcc\u00fc imkan\u0131. ISO 9001&#8217;e g\u00f6re sertifikalanm\u0131\u015f sistem Kapanma g\u00fcc\u00fc EN 2\/3\/4 Ayarlanabilir kapanma h\u0131z\u0131 Standart kap\u0131lar i\u00e7in = 1100 mm Sa\u011f-sol kap\u0131lar [&hellip;]<\/p>\n","protected":false},"featured_media":10031,"comment_status":"open","ping_status":"closed","template":"","meta":[],"product_brand":[38],"product_cat":[31],"product_tag":[],"class_list":{"0":"post-10089","1":"product","2":"type-product","3":"status-publish","4":"has-post-thumbnail","6":"product_brand-dormakaba","7":"product_cat-kapi-hidrolikleri","9":"first","10":"instock","11":"shipping-taxable","12":"product-type-simple"},"jetpack_sharing_enabled":true,"_links":{"self":[{"href":"http:\/\/www.assosmetal.com.tr\/public_html\/wp-json\/wp\/v2\/product\/10089","targetHints":{"allow":["GET"]}}],"collection":[{"href":"http:\/\/www.assosmetal.com.tr\/public_html\/wp-json\/wp\/v2\/product"}],"about":[{"href":"http:\/\/www.assosmetal.com.tr\/public_html\/wp-json\/wp\/v2\/types\/product"}],"replies":[{"embeddable":true,"href":"http:\/\/www.assosmetal.com.tr\/public_html\/wp-json\/wp\/v2\/comments?post=10089"}],"version-history":[{"count":1,"href":"http:\/\/www.assosmetal.com.tr\/public_html\/wp-json\/wp\/v2\/product\/10089\/revisions"}],"predecessor-version":[{"id":10090,"href":"http:\/\/www.assosmetal.com.tr\/public_html\/wp-json\/wp\/v2\/product\/10089\/revisions\/10090"}],"wp:featuredmedia":[{"embeddable":true,"href":"http:\/\/www.assosmetal.com.tr\/public_html\/wp-json\/wp\/v2\/media\/10031"}],"wp:attachment":[{"href":"http:\/\/www.assosmetal.com.tr\/public_html\/wp-json\/wp\/v2\/media?parent=10089"}],"wp:term":[{"taxonomy":"product_brand","embeddable":true,"href":"http:\/\/www.assosmetal.com.tr\/public_html\/wp-json\/wp\/v2\/product_brand?post=10089"},{"taxonomy":"product_cat","embeddable":true,"href":"http:\/\/www.assosmetal.com.tr\/public_html\/wp-json\/wp\/v2\/product_cat?post=10089"},{"taxonomy":"product_tag","embeddable":true,"href":"http:\/\/www.assosmetal.com.tr\/public_html\/wp-json\/wp\/v2\/product_tag?post=10089"}],"curies":[{"name":"wp","href":"https:\/\/api.w.org\/{rel}","templated":true}]}}