{"id":10392,"date":"2025-02-18T19:14:38","date_gmt":"2025-02-18T19:14:38","guid":{"rendered":"http:\/\/www.assosmetal.com.tr\/public_html\/?post_type=product&#038;p=10392"},"modified":"2025-02-18T19:22:42","modified_gmt":"2025-02-18T19:22:42","slug":"yangina-dayanikli-kopuk","status":"publish","type":"product","link":"http:\/\/www.assosmetal.com.tr\/public_html\/urun\/yangina-dayanikli-kopuk\/","title":{"rendered":"Yang\u0131na Dayan\u0131kl\u0131 K\u00f6p\u00fck"},"content":{"rendered":"<p><strong>Selsil Yang\u0131na Dayan\u0131kl\u0131 K\u00f6p\u00fck, nemle k\u00fcrle\u015fen, tek komponentli, yang\u0131n geciktirici dolgu ve izolasyon malzemesidir. Yar\u0131 sert yap\u0131da olup, b\u00fck\u00fcl\u00fcm\u00fc zor olmas\u0131na ra\u011fmen titre\u015fim ve derz hareketlerine olanak sa\u011flar.<\/strong><\/p>\n<p>&nbsp;<\/p>\n<p><strong>\u00d6zellikler<\/strong><\/p>\n<ul>\n<li><strong>Ah\u015faba, tu\u011flaya, ta\u015fa, \u00e7imentoya, s\u0131vaya, asbeste, al\u00e7\u0131pana, duralite ve metal y\u00fczeylere yap\u0131\u015f\u0131r.<\/strong><\/li>\n<li><strong>Yang\u0131na 4 saate kadar dayan\u0131kl\u0131d\u0131r.<\/strong><\/li>\n<li><strong>Duman\u0131 \u00f6nlemek i\u00e7in conta g\u00f6revi g\u00f6r\u00fcr.<\/strong><\/li>\n<li><strong>Her t\u00fcrl\u00fc bo\u015flu\u011fu doldurur, yal\u0131t\u0131r.<\/strong><\/li>\n<li><strong>\u0130\u00e7eride ve d\u0131\u015far\u0131da kullan\u0131l\u0131r.<\/strong><\/li>\n<li><strong>\u0130n\u015faat materyalleriyle m\u00fckemmel yap\u0131\u015f\u0131r.<\/strong><\/li>\n<li><strong>K\u00fcrlenmi\u015f k\u00f6p\u00fck su ge\u00e7irmez.<\/strong><\/li>\n<li><strong>Polietilen, teflon, silikon ve benzer maddeler \u00fczerinde kullan\u0131lmaz.<\/strong><\/li>\n<li><strong>Hassas y\u00fczeylere uygulanmaz.<\/strong><\/li>\n<li><\/li>\n<li>Tek komponentlidir.<br \/>\nHavan\u0131n nemi ile k\u00fcrle\u015fir.<br \/>\nAh\u015faba, tu\u011flaya, ta\u015fa, \u00e7imentoya, s\u0131vaya, asbeste, al\u00e7\u0131pana, duralite ve metal y\u00fczeylere m\u00fckemmel yap\u0131\u015fma sa\u011flar. (polietilen, silikon ve teflon hari\u00e7)<br \/>\nYang\u0131na 4 saate kadar dayan\u0131kl\u0131d\u0131r.<br \/>\nSes ve \u0131s\u0131 yal\u0131t\u0131m\u0131 sa\u011flar.<br \/>\nK\u00fcrle\u015ftikten sonra kesilebilir ve boyanabilir.<br \/>\nHer t\u00fcrl\u00fc bo\u015flu\u011fu doldurur, yal\u0131t\u0131r.<br \/>\n\u0130\u00e7eride ve d\u0131\u015far\u0131da kullan\u0131l\u0131r.<br \/>\nK\u00fcrlenmi\u015f k\u00f6p\u00fck su ge\u00e7irmez.<br \/>\nDuman\u0131 \u00f6nlemek i\u00e7in conta g\u00f6revi g\u00f6r\u00fcr.<br \/>\nTabanca ile uygulanabilir, kullan\u0131m\u0131 kolayd\u0131r.<br \/>\nUygulamaya k\u0131sa s\u00fcreli ara verildi\u011finde t\u00fcp ucunda t\u0131kanma yapmaz.<br \/>\nDaha az temizleme ihtiyac\u0131 gerektirir.<br \/>\nT\u00fcp de\u011fi\u015ftirme daha h\u0131zl\u0131 yap\u0131labilir.<\/li>\n<\/ul>\n","protected":false},"excerpt":{"rendered":"<p>Selsil Yang\u0131na Dayan\u0131kl\u0131 K\u00f6p\u00fck, nemle k\u00fcrle\u015fen, tek komponentli, yang\u0131n geciktirici dolgu ve izolasyon malzemesidir. Yar\u0131 sert yap\u0131da olup, b\u00fck\u00fcl\u00fcm\u00fc zor olmas\u0131na ra\u011fmen titre\u015fim ve derz hareketlerine olanak sa\u011flar. &nbsp; \u00d6zellikler Ah\u015faba, tu\u011flaya, ta\u015fa, \u00e7imentoya, s\u0131vaya, asbeste, al\u00e7\u0131pana, duralite ve metal y\u00fczeylere yap\u0131\u015f\u0131r. Yang\u0131na 4 saate kadar dayan\u0131kl\u0131d\u0131r. Duman\u0131 \u00f6nlemek i\u00e7in conta g\u00f6revi g\u00f6r\u00fcr. Her t\u00fcrl\u00fc [&hellip;]<\/p>\n","protected":false},"featured_media":10386,"comment_status":"open","ping_status":"closed","template":"","meta":[],"product_brand":[84],"product_cat":[75],"product_tag":[],"class_list":{"0":"post-10392","1":"product","2":"type-product","3":"status-publish","4":"has-post-thumbnail","6":"product_brand-selsil","7":"product_cat-yapistirici-kopukler","9":"first","10":"instock","11":"shipping-taxable","12":"product-type-simple"},"jetpack_sharing_enabled":true,"_links":{"self":[{"href":"http:\/\/www.assosmetal.com.tr\/public_html\/wp-json\/wp\/v2\/product\/10392","targetHints":{"allow":["GET"]}}],"collection":[{"href":"http:\/\/www.assosmetal.com.tr\/public_html\/wp-json\/wp\/v2\/product"}],"about":[{"href":"http:\/\/www.assosmetal.com.tr\/public_html\/wp-json\/wp\/v2\/types\/product"}],"replies":[{"embeddable":true,"href":"http:\/\/www.assosmetal.com.tr\/public_html\/wp-json\/wp\/v2\/comments?post=10392"}],"version-history":[{"count":1,"href":"http:\/\/www.assosmetal.com.tr\/public_html\/wp-json\/wp\/v2\/product\/10392\/revisions"}],"predecessor-version":[{"id":10393,"href":"http:\/\/www.assosmetal.com.tr\/public_html\/wp-json\/wp\/v2\/product\/10392\/revisions\/10393"}],"wp:featuredmedia":[{"embeddable":true,"href":"http:\/\/www.assosmetal.com.tr\/public_html\/wp-json\/wp\/v2\/media\/10386"}],"wp:attachment":[{"href":"http:\/\/www.assosmetal.com.tr\/public_html\/wp-json\/wp\/v2\/media?parent=10392"}],"wp:term":[{"taxonomy":"product_brand","embeddable":true,"href":"http:\/\/www.assosmetal.com.tr\/public_html\/wp-json\/wp\/v2\/product_brand?post=10392"},{"taxonomy":"product_cat","embeddable":true,"href":"http:\/\/www.assosmetal.com.tr\/public_html\/wp-json\/wp\/v2\/product_cat?post=10392"},{"taxonomy":"product_tag","embeddable":true,"href":"http:\/\/www.assosmetal.com.tr\/public_html\/wp-json\/wp\/v2\/product_tag?post=10392"}],"curies":[{"name":"wp","href":"https:\/\/api.w.org\/{rel}","templated":true}]}}