{"id":10408,"date":"2025-02-18T19:35:31","date_gmt":"2025-02-18T19:35:31","guid":{"rendered":"http:\/\/www.assosmetal.com.tr\/public_html\/?post_type=product&#038;p=10408"},"modified":"2025-02-18T19:35:31","modified_gmt":"2025-02-18T19:35:31","slug":"selsil-ninja-super-hizli-yapistirici","status":"publish","type":"product","link":"http:\/\/www.assosmetal.com.tr\/public_html\/urun\/selsil-ninja-super-hizli-yapistirici\/","title":{"rendered":"Selsil Ninja S\u00fcper H\u0131zl\u0131 Yap\u0131\u015ft\u0131r\u0131c\u0131"},"content":{"rendered":"<p><strong>Selsil Ninja S\u00fcper H\u0131zl\u0131 Yap\u0131\u015ft\u0131r\u0131c\u0131, iki komponentli h\u0131zl\u0131 k\u00fcrle\u015fen aerosol tipi bir yap\u0131\u015ft\u0131r\u0131c\u0131d\u0131r.<\/strong><\/p>\n<p>&nbsp;<\/p>\n<p><strong>\u00d6zellikler<\/strong><\/p>\n<ul>\n<li><strong>H\u0131zl\u0131 k\u00fcrle\u015fir.<\/strong><\/li>\n<li><strong>G\u00fc\u00e7l\u00fc bir yap\u0131\u015fma sa\u011flar.<\/strong><\/li>\n<li><strong>Kolay bir \u015fekilde uygulan\u0131r.<\/strong><\/li>\n<li><strong>B\u00fct\u00fcn y\u00fczeyler ile uyumlu yap\u0131\u015fma sa\u011flar (p\u00fcr\u00fczl\u00fc y\u00fczeyler dahil)<\/strong><\/li>\n<li><\/li>\n<li>H\u0131zl\u0131 k\u00fcrle\u015fir.<\/li>\n<li>G\u00fc\u00e7l\u00fc bir yap\u0131\u015fma sa\u011flar.<\/li>\n<li>Kolay bir \u015fekilde uygulan\u0131r.<\/li>\n<li>B\u00fct\u00fcn y\u00fczeyler ile uyumlu yap\u0131\u015fma sa\u011flar (p\u00fcr\u00fczl\u00fc y\u00fczeyler dahil)<\/li>\n<li>Metal, ah\u015fap,plastik gibi bir \u00e7ok y\u00fczey ile uyumlu \u015fekilde yap\u0131\u015f\u0131r.<\/li>\n<li><\/li>\n<\/ul>\n","protected":false},"excerpt":{"rendered":"<p>Selsil Ninja S\u00fcper H\u0131zl\u0131 Yap\u0131\u015ft\u0131r\u0131c\u0131, iki komponentli h\u0131zl\u0131 k\u00fcrle\u015fen aerosol tipi bir yap\u0131\u015ft\u0131r\u0131c\u0131d\u0131r. &nbsp; \u00d6zellikler H\u0131zl\u0131 k\u00fcrle\u015fir. G\u00fc\u00e7l\u00fc bir yap\u0131\u015fma sa\u011flar. Kolay bir \u015fekilde uygulan\u0131r. B\u00fct\u00fcn y\u00fczeyler ile uyumlu yap\u0131\u015fma sa\u011flar (p\u00fcr\u00fczl\u00fc y\u00fczeyler dahil) H\u0131zl\u0131 k\u00fcrle\u015fir. G\u00fc\u00e7l\u00fc bir yap\u0131\u015fma sa\u011flar. Kolay bir \u015fekilde uygulan\u0131r. B\u00fct\u00fcn y\u00fczeyler ile uyumlu yap\u0131\u015fma sa\u011flar (p\u00fcr\u00fczl\u00fc y\u00fczeyler dahil) Metal, ah\u015fap,plastik [&hellip;]<\/p>\n","protected":false},"featured_media":10401,"comment_status":"open","ping_status":"closed","template":"","meta":[],"product_brand":[84],"product_cat":[37],"product_tag":[],"class_list":{"0":"post-10408","1":"product","2":"type-product","3":"status-publish","4":"has-post-thumbnail","6":"product_brand-selsil","7":"product_cat-montaj-yapistiricilar","9":"first","10":"instock","11":"shipping-taxable","12":"product-type-simple"},"jetpack_sharing_enabled":true,"_links":{"self":[{"href":"http:\/\/www.assosmetal.com.tr\/public_html\/wp-json\/wp\/v2\/product\/10408","targetHints":{"allow":["GET"]}}],"collection":[{"href":"http:\/\/www.assosmetal.com.tr\/public_html\/wp-json\/wp\/v2\/product"}],"about":[{"href":"http:\/\/www.assosmetal.com.tr\/public_html\/wp-json\/wp\/v2\/types\/product"}],"replies":[{"embeddable":true,"href":"http:\/\/www.assosmetal.com.tr\/public_html\/wp-json\/wp\/v2\/comments?post=10408"}],"version-history":[{"count":2,"href":"http:\/\/www.assosmetal.com.tr\/public_html\/wp-json\/wp\/v2\/product\/10408\/revisions"}],"predecessor-version":[{"id":10410,"href":"http:\/\/www.assosmetal.com.tr\/public_html\/wp-json\/wp\/v2\/product\/10408\/revisions\/10410"}],"wp:featuredmedia":[{"embeddable":true,"href":"http:\/\/www.assosmetal.com.tr\/public_html\/wp-json\/wp\/v2\/media\/10401"}],"wp:attachment":[{"href":"http:\/\/www.assosmetal.com.tr\/public_html\/wp-json\/wp\/v2\/media?parent=10408"}],"wp:term":[{"taxonomy":"product_brand","embeddable":true,"href":"http:\/\/www.assosmetal.com.tr\/public_html\/wp-json\/wp\/v2\/product_brand?post=10408"},{"taxonomy":"product_cat","embeddable":true,"href":"http:\/\/www.assosmetal.com.tr\/public_html\/wp-json\/wp\/v2\/product_cat?post=10408"},{"taxonomy":"product_tag","embeddable":true,"href":"http:\/\/www.assosmetal.com.tr\/public_html\/wp-json\/wp\/v2\/product_tag?post=10408"}],"curies":[{"name":"wp","href":"https:\/\/api.w.org\/{rel}","templated":true}]}}