{"id":10617,"date":"2025-05-09T11:32:24","date_gmt":"2025-05-09T11:32:24","guid":{"rendered":"https:\/\/www.assosmetal.com.tr\/public_html\/?post_type=product&#038;p=10617"},"modified":"2025-05-09T12:34:17","modified_gmt":"2025-05-09T12:34:17","slug":"doras-17-serisi-kasa","status":"publish","type":"product","link":"http:\/\/www.assosmetal.com.tr\/public_html\/urun\/doras-17-serisi-kasa\/","title":{"rendered":"Doras 17 Serisi Kasa"},"content":{"rendered":"<p><strong>Standart \u00d6zellikler: <span class=\"Apple-converted-space\">\u00a0<\/span><\/strong><\/p>\n<p>3-8 Haneli Sabit \u015eifre \u00d6zelli\u011fi<span class=\"Apple-converted-space\">\u00a0<\/span><\/p>\n<p>Pil Ar\u0131zas\u0131 Durumunda Mekanik Anahtar veya Enerji Y\u00fckseltici ile A\u00e7\u0131lma<span class=\"Apple-converted-space\">\u00a0<\/span><\/p>\n<p>Mavi Led I\u015f\u0131k \u0130\u00e7 Ayd\u0131nlatma<span class=\"Apple-converted-space\">\u00a0<\/span><\/p>\n<p>Duvara veya Zemine Montaj Se\u00e7ene\u011fi<span class=\"Apple-converted-space\">\u00a0<\/span><\/p>\n<p>Solenoid Kilitleme Sistemi<span class=\"Apple-converted-space\">\u00a0<\/span><\/p>\n<p>Darbelere Kar\u015f\u0131 Geli\u015ftirilmi\u015f Elektrostatik Boya<span class=\"Apple-converted-space\">\u00a0<\/span><\/p>\n<p>1mm G\u00f6vde 3mm Kapak Kal\u0131nl\u0131\u011f\u0131 <span class=\"Apple-converted-space\">\u00a0<\/span><\/p>\n<p><strong>Kutu \u0130\u00e7eri\u011fi:<span class=\"Apple-converted-space\">\u00a0 <\/span><\/strong><\/p>\n<p>2X Anahtar<\/p>\n<p>4X Montaj Vidas\u0131<\/p>\n<p>4X AA 1.5V Pil 1X<\/p>\n<p>Kullan\u0131m K\u0131lavuzu<\/p>\n<p>1X Zemin Koruyucu Kapak<span class=\"Apple-converted-space\">\u00a0 <\/span><\/p>\n<p><strong>Kasa Boyutu:<span class=\"Apple-converted-space\">\u00a0 <\/span><\/strong><\/p>\n<p>170x230x170mm<span class=\"Apple-converted-space\">\u00a0 <\/span><\/p>\n<p><strong>Paketleme D\u0131\u015f Boyutlar\u0131:<span class=\"Apple-converted-space\">\u00a0 <\/span><\/strong><\/p>\n<p>195x250x190mm<span class=\"Apple-converted-space\">\u00a0 <\/span><\/p>\n<p><strong>A\u011f\u0131rl\u0131k:<span class=\"Apple-converted-space\">\u00a0 <\/span><\/strong><\/p>\n<p>2.5 KG<\/p>\n","protected":false},"excerpt":{"rendered":"<p>Standart \u00d6zellikler: \u00a0 3-8 Haneli Sabit \u015eifre \u00d6zelli\u011fi\u00a0 Pil Ar\u0131zas\u0131 Durumunda Mekanik Anahtar veya Enerji Y\u00fckseltici ile A\u00e7\u0131lma\u00a0 Mavi Led I\u015f\u0131k \u0130\u00e7 Ayd\u0131nlatma\u00a0 Duvara veya Zemine Montaj Se\u00e7ene\u011fi\u00a0 Solenoid Kilitleme Sistemi\u00a0 Darbelere Kar\u015f\u0131 Geli\u015ftirilmi\u015f Elektrostatik Boya\u00a0 1mm G\u00f6vde 3mm Kapak Kal\u0131nl\u0131\u011f\u0131 \u00a0 Kutu \u0130\u00e7eri\u011fi:\u00a0 2X Anahtar 4X Montaj Vidas\u0131 4X AA 1.5V Pil 1X Kullan\u0131m [&hellip;]<\/p>\n","protected":false},"featured_media":10619,"comment_status":"open","ping_status":"closed","template":"","meta":[],"product_brand":[85],"product_cat":[86],"product_tag":[],"class_list":{"0":"post-10617","1":"product","2":"type-product","3":"status-publish","4":"has-post-thumbnail","6":"product_brand-doras","7":"product_cat-doras-para-kasalari","9":"first","10":"instock","11":"shipping-taxable","12":"product-type-simple"},"jetpack_sharing_enabled":true,"_links":{"self":[{"href":"http:\/\/www.assosmetal.com.tr\/public_html\/wp-json\/wp\/v2\/product\/10617","targetHints":{"allow":["GET"]}}],"collection":[{"href":"http:\/\/www.assosmetal.com.tr\/public_html\/wp-json\/wp\/v2\/product"}],"about":[{"href":"http:\/\/www.assosmetal.com.tr\/public_html\/wp-json\/wp\/v2\/types\/product"}],"replies":[{"embeddable":true,"href":"http:\/\/www.assosmetal.com.tr\/public_html\/wp-json\/wp\/v2\/comments?post=10617"}],"version-history":[{"count":2,"href":"http:\/\/www.assosmetal.com.tr\/public_html\/wp-json\/wp\/v2\/product\/10617\/revisions"}],"predecessor-version":[{"id":10677,"href":"http:\/\/www.assosmetal.com.tr\/public_html\/wp-json\/wp\/v2\/product\/10617\/revisions\/10677"}],"wp:featuredmedia":[{"embeddable":true,"href":"http:\/\/www.assosmetal.com.tr\/public_html\/wp-json\/wp\/v2\/media\/10619"}],"wp:attachment":[{"href":"http:\/\/www.assosmetal.com.tr\/public_html\/wp-json\/wp\/v2\/media?parent=10617"}],"wp:term":[{"taxonomy":"product_brand","embeddable":true,"href":"http:\/\/www.assosmetal.com.tr\/public_html\/wp-json\/wp\/v2\/product_brand?post=10617"},{"taxonomy":"product_cat","embeddable":true,"href":"http:\/\/www.assosmetal.com.tr\/public_html\/wp-json\/wp\/v2\/product_cat?post=10617"},{"taxonomy":"product_tag","embeddable":true,"href":"http:\/\/www.assosmetal.com.tr\/public_html\/wp-json\/wp\/v2\/product_tag?post=10617"}],"curies":[{"name":"wp","href":"https:\/\/api.w.org\/{rel}","templated":true}]}}