{"id":8582,"date":"2025-02-09T19:51:09","date_gmt":"2025-02-09T19:51:09","guid":{"rendered":"http:\/\/www.assosmetal.com.tr\/public_html\/?post_type=product&#038;p=8582"},"modified":"2025-02-11T22:23:36","modified_gmt":"2025-02-11T22:23:36","slug":"briton-panik-bar-cift-kanat-t377m-r-se","status":"publish","type":"product","link":"http:\/\/www.assosmetal.com.tr\/public_html\/urun\/briton-panik-bar-cift-kanat-t377m-r-se\/","title":{"rendered":"Briton Panik Bar \u00c7ift Kanat T377M.R.SE"},"content":{"rendered":"<p><strong>Briton 377M-R-SE Binili \u00e7ift kanatl\u0131 kap\u0131lar i\u00e7in panik bar seti\u00a0<\/strong><\/p>\n<p><strong>1 adet P378, 1 adet P376 ve \u00f6zel kar\u015f\u0131l\u0131ktan olu\u015fan \u00fcr\u00fcn seti\u00a0<\/strong><\/p>\n<p><strong>Sa\u011f ve sol a\u00e7\u0131l\u0131ml\u0131 kap\u0131lara uygun tasar\u0131m\u00a0<\/strong><\/p>\n<p><strong>1300 mm x 2500 mm&#8217;lik kanatlarda kullan\u0131ma uygun\u00a0<\/strong><\/p>\n<p><strong>Opsiyonel 1413E d\u0131\u015f kol \u00fcnitesi\u00a0<\/strong><\/p>\n<p><strong>EN 1125 Sertifikas\u0131\u00a0<\/strong><\/p>\n<p><strong>Yang\u0131n Sertifikas\u0131\u00a0<\/strong><\/p>\n<p><strong>Renk Alternatifleri ; G\u00fcm\u00fc\u015f Gri (SES), Alt\u0131n Sar\u0131 (GES) \u00f6zel renk se\u00e7enekleri \/ Metalik: Parlak Paslanmaz \u00c7elik (PS), Mat Paslanmaz \u00c7elik (SS), Parlak Pirin\u00e7 (PB)<\/strong><\/p>\n<ul>\n<li>Garanti S\u00fcresi : 5 Y\u0131l<\/li>\n<li>A\u00e7\u0131l\u0131m : 600.000<\/li>\n<li>Tek Kanatl\u0131 Kap\u0131larda Kullan\u0131m : Evet<\/li>\n<li>Binili \u00c7ift Kanatl\u0131 Kap\u0131lar : \u0130lk a\u00e7\u0131lan kanat, ikinci a\u00e7\u0131lan kanat<\/li>\n<li>Alt \u00dcst Kilitleme : Evet<\/li>\n<li>De\u011fi\u015ftirilebilir Y\u00f6nl\u00fc \u00dcr\u00fcn : Evet<\/li>\n<li>Yang\u0131n Sertifikas\u0131 : Evet<\/li>\n<\/ul>\n","protected":false},"excerpt":{"rendered":"<p>Briton 377M-R-SE Binili \u00e7ift kanatl\u0131 kap\u0131lar i\u00e7in panik bar seti\u00a0 1 adet P378, 1 adet P376 ve \u00f6zel kar\u015f\u0131l\u0131ktan olu\u015fan \u00fcr\u00fcn seti\u00a0 Sa\u011f ve sol a\u00e7\u0131l\u0131ml\u0131 kap\u0131lara uygun tasar\u0131m\u00a0 1300 mm x 2500 mm&#8217;lik kanatlarda kullan\u0131ma uygun\u00a0 Opsiyonel 1413E d\u0131\u015f kol \u00fcnitesi\u00a0 EN 1125 Sertifikas\u0131\u00a0 Yang\u0131n Sertifikas\u0131\u00a0 Renk Alternatifleri ; G\u00fcm\u00fc\u015f Gri (SES), Alt\u0131n Sar\u0131 [&hellip;]<\/p>\n","protected":false},"featured_media":8845,"comment_status":"open","ping_status":"closed","template":"","meta":[],"product_brand":[50],"product_cat":[29],"product_tag":[],"class_list":{"0":"post-8582","1":"product","2":"type-product","3":"status-publish","4":"has-post-thumbnail","6":"product_brand-briton","7":"product_cat-yangin-kapisi-donanimlari","9":"first","10":"instock","11":"shipping-taxable","12":"product-type-simple"},"jetpack_sharing_enabled":true,"_links":{"self":[{"href":"http:\/\/www.assosmetal.com.tr\/public_html\/wp-json\/wp\/v2\/product\/8582","targetHints":{"allow":["GET"]}}],"collection":[{"href":"http:\/\/www.assosmetal.com.tr\/public_html\/wp-json\/wp\/v2\/product"}],"about":[{"href":"http:\/\/www.assosmetal.com.tr\/public_html\/wp-json\/wp\/v2\/types\/product"}],"replies":[{"embeddable":true,"href":"http:\/\/www.assosmetal.com.tr\/public_html\/wp-json\/wp\/v2\/comments?post=8582"}],"version-history":[{"count":1,"href":"http:\/\/www.assosmetal.com.tr\/public_html\/wp-json\/wp\/v2\/product\/8582\/revisions"}],"predecessor-version":[{"id":9263,"href":"http:\/\/www.assosmetal.com.tr\/public_html\/wp-json\/wp\/v2\/product\/8582\/revisions\/9263"}],"wp:featuredmedia":[{"embeddable":true,"href":"http:\/\/www.assosmetal.com.tr\/public_html\/wp-json\/wp\/v2\/media\/8845"}],"wp:attachment":[{"href":"http:\/\/www.assosmetal.com.tr\/public_html\/wp-json\/wp\/v2\/media?parent=8582"}],"wp:term":[{"taxonomy":"product_brand","embeddable":true,"href":"http:\/\/www.assosmetal.com.tr\/public_html\/wp-json\/wp\/v2\/product_brand?post=8582"},{"taxonomy":"product_cat","embeddable":true,"href":"http:\/\/www.assosmetal.com.tr\/public_html\/wp-json\/wp\/v2\/product_cat?post=8582"},{"taxonomy":"product_tag","embeddable":true,"href":"http:\/\/www.assosmetal.com.tr\/public_html\/wp-json\/wp\/v2\/product_tag?post=8582"}],"curies":[{"name":"wp","href":"https:\/\/api.w.org\/{rel}","templated":true}]}}