{"id":8592,"date":"2025-02-09T20:18:00","date_gmt":"2025-02-09T20:18:00","guid":{"rendered":"http:\/\/www.assosmetal.com.tr\/public_html\/?post_type=product&#038;p=8592"},"modified":"2025-02-11T21:46:08","modified_gmt":"2025-02-11T21:46:08","slug":"erkal-panik-bar","status":"publish","type":"product","link":"http:\/\/www.assosmetal.com.tr\/public_html\/urun\/erkal-panik-bar\/","title":{"rendered":"Erkal Panik Bar"},"content":{"rendered":"<p><strong>Erkal Panik Bar<\/strong><\/p>\n<ul>\n<li>Erkal panik bar kap\u0131 kilidi<\/li>\n<li>TSEK belgeli<\/li>\n<li>2 y\u0131l garantili<\/li>\n<li>Sa\u011f a\u00e7\u0131l\u0131ml\u0131 kap\u0131lar i\u00e7in sol panik bar g\u00f6nderilir.<\/li>\n<\/ul>\n","protected":false},"excerpt":{"rendered":"<p>Erkal Panik Bar Erkal panik bar kap\u0131 kilidi TSEK belgeli 2 y\u0131l garantili Sa\u011f a\u00e7\u0131l\u0131ml\u0131 kap\u0131lar i\u00e7in sol panik bar g\u00f6nderilir.<\/p>\n","protected":false},"featured_media":8868,"comment_status":"open","ping_status":"closed","template":"","meta":[],"product_brand":[51],"product_cat":[29],"product_tag":[],"class_list":{"0":"post-8592","1":"product","2":"type-product","3":"status-publish","4":"has-post-thumbnail","6":"product_brand-erkal","7":"product_cat-yangin-kapisi-donanimlari","9":"first","10":"instock","11":"shipping-taxable","12":"product-type-simple"},"jetpack_sharing_enabled":true,"_links":{"self":[{"href":"http:\/\/www.assosmetal.com.tr\/public_html\/wp-json\/wp\/v2\/product\/8592","targetHints":{"allow":["GET"]}}],"collection":[{"href":"http:\/\/www.assosmetal.com.tr\/public_html\/wp-json\/wp\/v2\/product"}],"about":[{"href":"http:\/\/www.assosmetal.com.tr\/public_html\/wp-json\/wp\/v2\/types\/product"}],"replies":[{"embeddable":true,"href":"http:\/\/www.assosmetal.com.tr\/public_html\/wp-json\/wp\/v2\/comments?post=8592"}],"version-history":[{"count":1,"href":"http:\/\/www.assosmetal.com.tr\/public_html\/wp-json\/wp\/v2\/product\/8592\/revisions"}],"predecessor-version":[{"id":9254,"href":"http:\/\/www.assosmetal.com.tr\/public_html\/wp-json\/wp\/v2\/product\/8592\/revisions\/9254"}],"wp:featuredmedia":[{"embeddable":true,"href":"http:\/\/www.assosmetal.com.tr\/public_html\/wp-json\/wp\/v2\/media\/8868"}],"wp:attachment":[{"href":"http:\/\/www.assosmetal.com.tr\/public_html\/wp-json\/wp\/v2\/media?parent=8592"}],"wp:term":[{"taxonomy":"product_brand","embeddable":true,"href":"http:\/\/www.assosmetal.com.tr\/public_html\/wp-json\/wp\/v2\/product_brand?post=8592"},{"taxonomy":"product_cat","embeddable":true,"href":"http:\/\/www.assosmetal.com.tr\/public_html\/wp-json\/wp\/v2\/product_cat?post=8592"},{"taxonomy":"product_tag","embeddable":true,"href":"http:\/\/www.assosmetal.com.tr\/public_html\/wp-json\/wp\/v2\/product_tag?post=8592"}],"curies":[{"name":"wp","href":"https:\/\/api.w.org\/{rel}","templated":true}]}}