{"id":8598,"date":"2025-02-09T20:25:18","date_gmt":"2025-02-09T20:25:18","guid":{"rendered":"http:\/\/www.assosmetal.com.tr\/public_html\/?post_type=product&#038;p=8598"},"modified":"2025-02-11T21:26:24","modified_gmt":"2025-02-11T21:26:24","slug":"keff-lock-yangina-dayanikli-kol-kl500-d","status":"publish","type":"product","link":"http:\/\/www.assosmetal.com.tr\/public_html\/urun\/keff-lock-yangina-dayanikli-kol-kl500-d\/","title":{"rendered":"Keff Lock Yang\u0131na Dayan\u0131kl\u0131 Kol KL500 D"},"content":{"rendered":"<p><strong>72 mm barel aks mesafesine g\u00f6re \u00fcretilmi\u015f olup 9 mm ma\u00e7a kullan\u0131l\u0131r<\/strong><br \/>\n<strong>G\u00f6mme panik bar ve g\u00f6mme panik kilit ile birlikte uygulanabildi\u011fi gibi i\u00e7 ve d\u0131\u015f kol olarak da uygulanabilir<\/strong><br \/>\n<strong>\u00c7elik sac g\u00f6vde, alev almaz \u00f6zellikte muhafaza ve kol<\/strong><br \/>\n<strong>CE Sertifikal\u0131<\/strong><\/p>\n","protected":false},"excerpt":{"rendered":"<p>72 mm barel aks mesafesine g\u00f6re \u00fcretilmi\u015f olup 9 mm ma\u00e7a kullan\u0131l\u0131r G\u00f6mme panik bar ve g\u00f6mme panik kilit ile birlikte uygulanabildi\u011fi gibi i\u00e7 ve d\u0131\u015f kol olarak da uygulanabilir \u00c7elik sac g\u00f6vde, alev almaz \u00f6zellikte muhafaza ve kol CE Sertifikal\u0131<\/p>\n","protected":false},"featured_media":8904,"comment_status":"open","ping_status":"closed","template":"","meta":[],"product_brand":[43],"product_cat":[29],"product_tag":[],"class_list":{"0":"post-8598","1":"product","2":"type-product","3":"status-publish","4":"has-post-thumbnail","6":"product_brand-kefflock","7":"product_cat-yangin-kapisi-donanimlari","9":"first","10":"instock","11":"shipping-taxable","12":"product-type-simple"},"jetpack_sharing_enabled":true,"_links":{"self":[{"href":"http:\/\/www.assosmetal.com.tr\/public_html\/wp-json\/wp\/v2\/product\/8598","targetHints":{"allow":["GET"]}}],"collection":[{"href":"http:\/\/www.assosmetal.com.tr\/public_html\/wp-json\/wp\/v2\/product"}],"about":[{"href":"http:\/\/www.assosmetal.com.tr\/public_html\/wp-json\/wp\/v2\/types\/product"}],"replies":[{"embeddable":true,"href":"http:\/\/www.assosmetal.com.tr\/public_html\/wp-json\/wp\/v2\/comments?post=8598"}],"version-history":[{"count":0,"href":"http:\/\/www.assosmetal.com.tr\/public_html\/wp-json\/wp\/v2\/product\/8598\/revisions"}],"wp:featuredmedia":[{"embeddable":true,"href":"http:\/\/www.assosmetal.com.tr\/public_html\/wp-json\/wp\/v2\/media\/8904"}],"wp:attachment":[{"href":"http:\/\/www.assosmetal.com.tr\/public_html\/wp-json\/wp\/v2\/media?parent=8598"}],"wp:term":[{"taxonomy":"product_brand","embeddable":true,"href":"http:\/\/www.assosmetal.com.tr\/public_html\/wp-json\/wp\/v2\/product_brand?post=8598"},{"taxonomy":"product_cat","embeddable":true,"href":"http:\/\/www.assosmetal.com.tr\/public_html\/wp-json\/wp\/v2\/product_cat?post=8598"},{"taxonomy":"product_tag","embeddable":true,"href":"http:\/\/www.assosmetal.com.tr\/public_html\/wp-json\/wp\/v2\/product_tag?post=8598"}],"curies":[{"name":"wp","href":"https:\/\/api.w.org\/{rel}","templated":true}]}}