{"id":8652,"date":"2025-02-11T20:24:58","date_gmt":"2025-02-11T20:24:58","guid":{"rendered":"http:\/\/www.assosmetal.com.tr\/public_html\/?post_type=product&#038;p=8652"},"modified":"2025-02-19T10:45:23","modified_gmt":"2025-02-19T10:45:23","slug":"palmo-elmas-as-1000-akilli-kapi-kilidi","status":"publish","type":"product","link":"http:\/\/www.assosmetal.com.tr\/public_html\/urun\/palmo-elmas-as-1000-akilli-kapi-kilidi\/","title":{"rendered":"Palmo Elmas AS 1000 Ak\u0131ll\u0131 Kap\u0131 Kilidi"},"content":{"rendered":"<p><strong>Cep telefonu APP uzaktan yakalama, kilidini a\u00e7ma, kay\u0131t sorgusu<\/strong><\/p>\n<p><strong>1 milyon piksel y\u00fcksek \u00e7\u00f6z\u00fcn\u00fcrl\u00fckl\u00fc kamera, 1080P 4.5 in\u00e7 y\u00fcksek \u00e7\u00f6z\u00fcn\u00fcrl\u00fckl\u00fc ekran<\/strong><\/p>\n<p><strong>3D y\u00fcz, parmak izi, parola, IC kart\u0131, WeChat uygulamas\u0131, anahtar ve cep telefonunun alt\u0131s\u0131 bir arada kilit a\u00e7ma uzaktan kumandas\u0131<\/strong><\/p>\n<p><strong>\u00c7ekirdek yap\u0131land\u0131rma: yedi \u00e7ekirdekli anakart, OFILM 3D y\u00fcz mod\u00fcl\u00fc, FPC parmak izi kafas\u0131, Futeng motor, 4200mA lityum pil<\/strong><\/p>\n<p><strong>Malzeme al\u00fcminyum ala\u015f\u0131m\u0131<\/strong><\/p>\n<p><strong>iste\u011fe ba\u011fl\u0131 renk galvanik parlak tabanca<\/strong><\/p>\n","protected":false},"excerpt":{"rendered":"<p>Cep telefonu APP uzaktan yakalama, kilidini a\u00e7ma, kay\u0131t sorgusu 1 milyon piksel y\u00fcksek \u00e7\u00f6z\u00fcn\u00fcrl\u00fckl\u00fc kamera, 1080P 4.5 in\u00e7 y\u00fcksek \u00e7\u00f6z\u00fcn\u00fcrl\u00fckl\u00fc ekran 3D y\u00fcz, parmak izi, parola, IC kart\u0131, WeChat uygulamas\u0131, anahtar ve cep telefonunun alt\u0131s\u0131 bir arada kilit a\u00e7ma uzaktan kumandas\u0131 \u00c7ekirdek yap\u0131land\u0131rma: yedi \u00e7ekirdekli anakart, OFILM 3D y\u00fcz mod\u00fcl\u00fc, FPC parmak izi kafas\u0131, Futeng [&hellip;]<\/p>\n","protected":false},"featured_media":10433,"comment_status":"open","ping_status":"closed","template":"","meta":[],"product_brand":[45],"product_cat":[32],"product_tag":[],"class_list":{"0":"post-8652","1":"product","2":"type-product","3":"status-publish","4":"has-post-thumbnail","6":"product_brand-palmo","7":"product_cat-akilli-guvenlik-sistemleri","9":"first","10":"instock","11":"shipping-taxable","12":"product-type-simple"},"jetpack_sharing_enabled":true,"_links":{"self":[{"href":"http:\/\/www.assosmetal.com.tr\/public_html\/wp-json\/wp\/v2\/product\/8652","targetHints":{"allow":["GET"]}}],"collection":[{"href":"http:\/\/www.assosmetal.com.tr\/public_html\/wp-json\/wp\/v2\/product"}],"about":[{"href":"http:\/\/www.assosmetal.com.tr\/public_html\/wp-json\/wp\/v2\/types\/product"}],"replies":[{"embeddable":true,"href":"http:\/\/www.assosmetal.com.tr\/public_html\/wp-json\/wp\/v2\/comments?post=8652"}],"version-history":[{"count":1,"href":"http:\/\/www.assosmetal.com.tr\/public_html\/wp-json\/wp\/v2\/product\/8652\/revisions"}],"predecessor-version":[{"id":10462,"href":"http:\/\/www.assosmetal.com.tr\/public_html\/wp-json\/wp\/v2\/product\/8652\/revisions\/10462"}],"wp:featuredmedia":[{"embeddable":true,"href":"http:\/\/www.assosmetal.com.tr\/public_html\/wp-json\/wp\/v2\/media\/10433"}],"wp:attachment":[{"href":"http:\/\/www.assosmetal.com.tr\/public_html\/wp-json\/wp\/v2\/media?parent=8652"}],"wp:term":[{"taxonomy":"product_brand","embeddable":true,"href":"http:\/\/www.assosmetal.com.tr\/public_html\/wp-json\/wp\/v2\/product_brand?post=8652"},{"taxonomy":"product_cat","embeddable":true,"href":"http:\/\/www.assosmetal.com.tr\/public_html\/wp-json\/wp\/v2\/product_cat?post=8652"},{"taxonomy":"product_tag","embeddable":true,"href":"http:\/\/www.assosmetal.com.tr\/public_html\/wp-json\/wp\/v2\/product_tag?post=8652"}],"curies":[{"name":"wp","href":"https:\/\/api.w.org\/{rel}","templated":true}]}}