{"id":9146,"date":"2025-02-11T21:00:15","date_gmt":"2025-02-11T21:00:15","guid":{"rendered":"http:\/\/www.assosmetal.com.tr\/public_html\/?post_type=product&#038;p=9146"},"modified":"2025-02-11T21:00:19","modified_gmt":"2025-02-11T21:00:19","slug":"schmelz-mitron-mr-1-radar","status":"publish","type":"product","link":"http:\/\/www.assosmetal.com.tr\/public_html\/urun\/schmelz-mitron-mr-1-radar\/","title":{"rendered":"Schmelz Mitron-MR 1 Radar"},"content":{"rendered":"<p><strong>Otomatik kap\u0131lar i\u00e7in radarl\u0131 hareket sens\u00f6r\u00fc MITRON-MR1 k\u00fc\u00e7\u00fck,estetik G\u00f6vde i\u00e7ine monte edilmi\u015f,kullan\u0131m\u0131 kolay radarl\u0131 hareket sens\u00f6r\u00fcd\u00fcr.<\/strong><\/p>\n<p>&nbsp;<\/p>\n<p><strong>MITRON-MR1 pek \u00e7ok uygulamada g\u00fcvenilirdir.<\/strong><\/p>\n<p><strong>MITRON-MR1 otomatik s\u00fcrme kap\u0131lar\u0131n ideal etkinle\u015ftirilmesiyle optimum bir insan ge\u00e7i\u015fini garanti eder.<\/strong><\/p>\n<ul>\n<li>\u00dcr\u00fcn Ad\u0131 : MITRON-R1 Radar<\/li>\n<li>\u00dcr\u00fcn Kodu : MITRON-R1<\/li>\n<li>Materyal : ABS<\/li>\n<li>A\u011f\u0131rl\u0131k : 90 gr<\/li>\n<li>\u00d6l\u00e7\u00fcler : 100mm (W), 50 mm (lH), 49.5mm (D)<\/li>\n<li>Ba\u011flant\u0131 T\u00fcr\u00fc : Cable 4*022<\/li>\n<li>Montaj Y\u00fcksekli\u011fi : Max 4000 mm<\/li>\n<li>Renk : Siyah \/ Black<\/li>\n<li>Teknoloji : Radar<\/li>\n<li>G\u00f6nderme Frekans\u0131 : K-Band 24.125Ghz \u2013 Mikrowave<\/li>\n<li>Alan B\u00fcy\u00fckl\u00fc\u011f\u00fc 2.2 m : Min. 0.6 * 6 m maks. 2.3*4.8m<\/li>\n<li>\u0130\u015fletme Gerilimi : 12-36 v, DC\/12-24 V AC<\/li>\n<li>Kullan\u0131lan Ak\u0131m : 24V DC\u2019ce maks 32mA<\/li>\n<li>\u00c7\u0131k\u0131\u015f : Solid Stare R\u00f6leler<\/li>\n<li>Ba\u011flant\u0131 Gerilimi : Maks 24V AC\/V DC<\/li>\n<li>Ba\u011flant\u0131 Ak\u0131m\u0131 : Maks 20 mA<\/li>\n<li>Ba\u011flant\u0131 G\u00fcc\u00fc : Maks 550 mW<\/li>\n<li>\u00c7al\u0131\u015fma S\u0131cakl\u0131\u011f\u0131 : -30 \u00b0 C ile + 55 \u00b0 C<\/li>\n<li>Hava Nemi : %90 ba\u011f\u0131l<\/li>\n<\/ul>\n","protected":false},"excerpt":{"rendered":"<p>Otomatik kap\u0131lar i\u00e7in radarl\u0131 hareket sens\u00f6r\u00fc MITRON-MR1 k\u00fc\u00e7\u00fck,estetik G\u00f6vde i\u00e7ine monte edilmi\u015f,kullan\u0131m\u0131 kolay radarl\u0131 hareket sens\u00f6r\u00fcd\u00fcr. &nbsp; MITRON-MR1 pek \u00e7ok uygulamada g\u00fcvenilirdir. MITRON-MR1 otomatik s\u00fcrme kap\u0131lar\u0131n ideal etkinle\u015ftirilmesiyle optimum bir insan ge\u00e7i\u015fini garanti eder. \u00dcr\u00fcn Ad\u0131 : MITRON-R1 Radar \u00dcr\u00fcn Kodu : MITRON-R1 Materyal : ABS A\u011f\u0131rl\u0131k : 90 gr \u00d6l\u00e7\u00fcler : 100mm (W), 50 [&hellip;]<\/p>\n","protected":false},"featured_media":8942,"comment_status":"open","ping_status":"closed","template":"","meta":[],"product_brand":[63],"product_cat":[56],"product_tag":[],"class_list":{"0":"post-9146","1":"product","2":"type-product","3":"status-publish","4":"has-post-thumbnail","6":"product_brand-schmelz","7":"product_cat-radar-sensor","9":"first","10":"instock","11":"shipping-taxable","12":"product-type-simple"},"jetpack_sharing_enabled":true,"_links":{"self":[{"href":"http:\/\/www.assosmetal.com.tr\/public_html\/wp-json\/wp\/v2\/product\/9146","targetHints":{"allow":["GET"]}}],"collection":[{"href":"http:\/\/www.assosmetal.com.tr\/public_html\/wp-json\/wp\/v2\/product"}],"about":[{"href":"http:\/\/www.assosmetal.com.tr\/public_html\/wp-json\/wp\/v2\/types\/product"}],"replies":[{"embeddable":true,"href":"http:\/\/www.assosmetal.com.tr\/public_html\/wp-json\/wp\/v2\/comments?post=9146"}],"version-history":[{"count":0,"href":"http:\/\/www.assosmetal.com.tr\/public_html\/wp-json\/wp\/v2\/product\/9146\/revisions"}],"wp:featuredmedia":[{"embeddable":true,"href":"http:\/\/www.assosmetal.com.tr\/public_html\/wp-json\/wp\/v2\/media\/8942"}],"wp:attachment":[{"href":"http:\/\/www.assosmetal.com.tr\/public_html\/wp-json\/wp\/v2\/media?parent=9146"}],"wp:term":[{"taxonomy":"product_brand","embeddable":true,"href":"http:\/\/www.assosmetal.com.tr\/public_html\/wp-json\/wp\/v2\/product_brand?post=9146"},{"taxonomy":"product_cat","embeddable":true,"href":"http:\/\/www.assosmetal.com.tr\/public_html\/wp-json\/wp\/v2\/product_cat?post=9146"},{"taxonomy":"product_tag","embeddable":true,"href":"http:\/\/www.assosmetal.com.tr\/public_html\/wp-json\/wp\/v2\/product_tag?post=9146"}],"curies":[{"name":"wp","href":"https:\/\/api.w.org\/{rel}","templated":true}]}}