{"id":9483,"date":"2025-02-13T11:30:41","date_gmt":"2025-02-13T11:30:41","guid":{"rendered":"http:\/\/www.assosmetal.com.tr\/public_html\/?post_type=product&#038;p=9483"},"modified":"2025-02-13T11:40:28","modified_gmt":"2025-02-13T11:40:28","slug":"yale-e9lx-mandal-ayarli-standart-elektrikli-kilit-karsiligi-bas-ac","status":"publish","type":"product","link":"http:\/\/www.assosmetal.com.tr\/public_html\/urun\/yale-e9lx-mandal-ayarli-standart-elektrikli-kilit-karsiligi-bas-ac\/","title":{"rendered":"Yale E9LX Mandal Ayarl\u0131 Standart Elektrikli Kilit Kar\u015f\u0131l\u0131\u011f\u0131 Bas A\u00e7"},"content":{"rendered":"<p><strong>Yale E9LX mandal ayarl\u0131 standart elektrikli kilit kar\u015f\u0131l\u0131\u011f\u0131, g\u00fcnl\u00fck ge\u00e7i\u015f say\u0131s\u0131n\u0131n fazla olmad\u0131\u011f\u0131 ah\u015fap ve al\u00fcminyum kap\u0131lar i\u00e7in uygundur.<\/strong><\/p>\n<p><strong>Ekonomik olmas\u0131 nedeniyle y\u00fcksek g\u00fcvenlik gerektirmeyen kap\u0131larda tercih edilir.<\/strong><\/p>\n<ul>\n<li>G\u00fcnl\u00fck ge\u00e7i\u015f say\u0131s\u0131n\u0131n fazla olmad\u0131\u011f\u0131 ah\u015fap ve al\u00fcminyum kap\u0131lar i\u00e7in uygundur.<\/li>\n<li>\u2018\u2019Enerji yokken kilitli (fail secure)\u2019\u2019 kalma esnas\u0131na g\u00f6re \u00e7al\u0131\u015f\u0131r.<\/li>\n<li>Simetrik g\u00f6vde yap\u0131s\u0131na sahip olmamas\u0131 nedeniyle kap\u0131n\u0131n sa\u011fa yada sola a\u00e7\u0131l\u0131r olmas\u0131 montaj bak\u0131m\u0131ndan dikkate al\u0131nmal\u0131d\u0131r.<\/li>\n<li>Kilit kar\u015f\u0131l\u0131\u011f\u0131 dili hareketli oldu\u011fu i\u00e7in montajda esneklik sa\u011flar. (maksimum 4 mm).<\/li>\n<\/ul>\n","protected":false},"excerpt":{"rendered":"<p>Yale E9LX mandal ayarl\u0131 standart elektrikli kilit kar\u015f\u0131l\u0131\u011f\u0131, g\u00fcnl\u00fck ge\u00e7i\u015f say\u0131s\u0131n\u0131n fazla olmad\u0131\u011f\u0131 ah\u015fap ve al\u00fcminyum kap\u0131lar i\u00e7in uygundur. Ekonomik olmas\u0131 nedeniyle y\u00fcksek g\u00fcvenlik gerektirmeyen kap\u0131larda tercih edilir. G\u00fcnl\u00fck ge\u00e7i\u015f say\u0131s\u0131n\u0131n fazla olmad\u0131\u011f\u0131 ah\u015fap ve al\u00fcminyum kap\u0131lar i\u00e7in uygundur. \u2018\u2019Enerji yokken kilitli (fail secure)\u2019\u2019 kalma esnas\u0131na g\u00f6re \u00e7al\u0131\u015f\u0131r. Simetrik g\u00f6vde yap\u0131s\u0131na sahip olmamas\u0131 nedeniyle kap\u0131n\u0131n [&hellip;]<\/p>\n","protected":false},"featured_media":9474,"comment_status":"open","ping_status":"closed","template":"","meta":[],"product_brand":[40],"product_cat":[34],"product_tag":[],"class_list":{"0":"post-9483","1":"product","2":"type-product","3":"status-publish","4":"has-post-thumbnail","6":"product_brand-yale","7":"product_cat-elektrikli-kilit-karsiligi-bas-ac","9":"first","10":"instock","11":"shipping-taxable","12":"product-type-simple"},"jetpack_sharing_enabled":true,"_links":{"self":[{"href":"http:\/\/www.assosmetal.com.tr\/public_html\/wp-json\/wp\/v2\/product\/9483","targetHints":{"allow":["GET"]}}],"collection":[{"href":"http:\/\/www.assosmetal.com.tr\/public_html\/wp-json\/wp\/v2\/product"}],"about":[{"href":"http:\/\/www.assosmetal.com.tr\/public_html\/wp-json\/wp\/v2\/types\/product"}],"replies":[{"embeddable":true,"href":"http:\/\/www.assosmetal.com.tr\/public_html\/wp-json\/wp\/v2\/comments?post=9483"}],"version-history":[{"count":1,"href":"http:\/\/www.assosmetal.com.tr\/public_html\/wp-json\/wp\/v2\/product\/9483\/revisions"}],"predecessor-version":[{"id":9484,"href":"http:\/\/www.assosmetal.com.tr\/public_html\/wp-json\/wp\/v2\/product\/9483\/revisions\/9484"}],"wp:featuredmedia":[{"embeddable":true,"href":"http:\/\/www.assosmetal.com.tr\/public_html\/wp-json\/wp\/v2\/media\/9474"}],"wp:attachment":[{"href":"http:\/\/www.assosmetal.com.tr\/public_html\/wp-json\/wp\/v2\/media?parent=9483"}],"wp:term":[{"taxonomy":"product_brand","embeddable":true,"href":"http:\/\/www.assosmetal.com.tr\/public_html\/wp-json\/wp\/v2\/product_brand?post=9483"},{"taxonomy":"product_cat","embeddable":true,"href":"http:\/\/www.assosmetal.com.tr\/public_html\/wp-json\/wp\/v2\/product_cat?post=9483"},{"taxonomy":"product_tag","embeddable":true,"href":"http:\/\/www.assosmetal.com.tr\/public_html\/wp-json\/wp\/v2\/product_tag?post=9483"}],"curies":[{"name":"wp","href":"https:\/\/api.w.org\/{rel}","templated":true}]}}