{"id":9635,"date":"2025-02-13T16:10:27","date_gmt":"2025-02-13T16:10:27","guid":{"rendered":"http:\/\/www.assosmetal.com.tr\/public_html\/?post_type=product&#038;p=9635"},"modified":"2025-02-13T16:10:28","modified_gmt":"2025-02-13T16:10:28","slug":"romabond-pu-kopuk","status":"publish","type":"product","link":"http:\/\/www.assosmetal.com.tr\/public_html\/urun\/romabond-pu-kopuk\/","title":{"rendered":"Romabond PU K\u00f6p\u00fck"},"content":{"rendered":"<p><strong>Poli\u00fcretan bazl\u0131, tek komponentli, y\u00fcksek yap\u0131\u015fma sa\u011flayan, \u00e7ok ama\u00e7l\u0131 dolgu ve montaj k\u00f6p\u00fc\u011f\u00fcd\u00fcr.<\/strong><\/p>\n<p>&nbsp;<\/p>\n<p><strong>Kullan\u0131m y\u00fczeyindeki nem oran\u0131n\u0131n y\u00fcksekli\u011fi performans\u0131 artt\u0131r\u0131r.<\/strong><\/p>\n<p><strong>Ozon tabakas\u0131na zarar verebilecek herhangi bir itici gaz i\u00e7ermez.<\/strong><\/p>\n<p><strong>M\u00fckemmel montaj \u00f6zelli\u011fi ve stabilitesi vard\u0131r; hemen hemen t\u00fcm in\u015faat malzemelerine yap\u0131\u015fabilir (polietilen, teflon, silikon, ya\u011flar vb. hari\u00e7), k\u00fcf tutmaz ve su ge\u00e7irmez.<\/strong><\/p>\n<ul>\n<li>Uygulama y\u00fczeyi sa\u011flam, temiz ve yap\u0131\u015fmay\u0131 \u00f6nleyici maddelerden ar\u0131nd\u0131r\u0131n.<\/li>\n<li>Tam ve d\u00fczg\u00fcn k\u00f6p\u00fck k\u00fcrle\u015fmesi i\u00e7in tu\u011fla, beton, kire\u00e7 ta\u015f\u0131 gibi mineral ve g\u00f6zenekli y\u00fczeyleri suyla nemlendirin.<\/li>\n<li>Uygulamadan \u00f6nce t\u00fcp\u00fc kuvvetlice \u00e7alkalay\u0131n. (15-20 kez)<\/li>\n<li>K\u00f6p\u00fck pipetini ya da tabancas\u0131n\u0131 valfe vidalay\u0131n. Aerosol, ba\u015f a\u015fa\u011f\u0131 olacak \u015fekilde valfe bast\u0131r\u0131larak kullan\u0131l\u0131r.<\/li>\n<li>S\u0131k\u0131lan k\u00f6p\u00fck genle\u015fece\u011finden, dolgu yap\u0131lan bo\u015fluk hacminin %50\u2019si doldurulmal\u0131d\u0131r.<\/li>\n<li>\u0130stenmeyen yerlere bula\u015fan k\u00f6p\u00fck sertle\u015fmeden \u00f6nce PU k\u00f6p\u00fck temizleyici veya aseton yard\u0131m\u0131yla temizlenebilir.<\/li>\n<li>K\u00fcrle\u015fmi\u015f k\u00f6p\u00fck ancak mekanik yollarla temizlenebilir.<\/li>\n<li>Uygulama s\u0131ras\u0131nda ideal ortam s\u0131cakl\u0131\u011f\u0131 +20 \u00b0C\u2019dir.<\/li>\n<\/ul>\n","protected":false},"excerpt":{"rendered":"<p>Poli\u00fcretan bazl\u0131, tek komponentli, y\u00fcksek yap\u0131\u015fma sa\u011flayan, \u00e7ok ama\u00e7l\u0131 dolgu ve montaj k\u00f6p\u00fc\u011f\u00fcd\u00fcr. &nbsp; Kullan\u0131m y\u00fczeyindeki nem oran\u0131n\u0131n y\u00fcksekli\u011fi performans\u0131 artt\u0131r\u0131r. Ozon tabakas\u0131na zarar verebilecek herhangi bir itici gaz i\u00e7ermez. M\u00fckemmel montaj \u00f6zelli\u011fi ve stabilitesi vard\u0131r; hemen hemen t\u00fcm in\u015faat malzemelerine yap\u0131\u015fabilir (polietilen, teflon, silikon, ya\u011flar vb. hari\u00e7), k\u00fcf tutmaz ve su ge\u00e7irmez. Uygulama y\u00fczeyi [&hellip;]<\/p>\n","protected":false},"featured_media":9636,"comment_status":"open","ping_status":"closed","template":"","meta":[],"product_brand":[47],"product_cat":[72],"product_tag":[],"class_list":{"0":"post-9635","1":"product","2":"type-product","3":"status-publish","4":"has-post-thumbnail","6":"product_brand-assos","7":"product_cat-montaj-dolgu-kopukleri","9":"first","10":"instock","11":"shipping-taxable","12":"product-type-simple"},"jetpack_sharing_enabled":true,"_links":{"self":[{"href":"http:\/\/www.assosmetal.com.tr\/public_html\/wp-json\/wp\/v2\/product\/9635","targetHints":{"allow":["GET"]}}],"collection":[{"href":"http:\/\/www.assosmetal.com.tr\/public_html\/wp-json\/wp\/v2\/product"}],"about":[{"href":"http:\/\/www.assosmetal.com.tr\/public_html\/wp-json\/wp\/v2\/types\/product"}],"replies":[{"embeddable":true,"href":"http:\/\/www.assosmetal.com.tr\/public_html\/wp-json\/wp\/v2\/comments?post=9635"}],"version-history":[{"count":1,"href":"http:\/\/www.assosmetal.com.tr\/public_html\/wp-json\/wp\/v2\/product\/9635\/revisions"}],"predecessor-version":[{"id":9653,"href":"http:\/\/www.assosmetal.com.tr\/public_html\/wp-json\/wp\/v2\/product\/9635\/revisions\/9653"}],"wp:featuredmedia":[{"embeddable":true,"href":"http:\/\/www.assosmetal.com.tr\/public_html\/wp-json\/wp\/v2\/media\/9636"}],"wp:attachment":[{"href":"http:\/\/www.assosmetal.com.tr\/public_html\/wp-json\/wp\/v2\/media?parent=9635"}],"wp:term":[{"taxonomy":"product_brand","embeddable":true,"href":"http:\/\/www.assosmetal.com.tr\/public_html\/wp-json\/wp\/v2\/product_brand?post=9635"},{"taxonomy":"product_cat","embeddable":true,"href":"http:\/\/www.assosmetal.com.tr\/public_html\/wp-json\/wp\/v2\/product_cat?post=9635"},{"taxonomy":"product_tag","embeddable":true,"href":"http:\/\/www.assosmetal.com.tr\/public_html\/wp-json\/wp\/v2\/product_tag?post=9635"}],"curies":[{"name":"wp","href":"https:\/\/api.w.org\/{rel}","templated":true}]}}