{"id":9668,"date":"2025-02-13T16:23:54","date_gmt":"2025-02-13T16:23:54","guid":{"rendered":"http:\/\/www.assosmetal.com.tr\/public_html\/?post_type=product&#038;p=9668"},"modified":"2025-02-13T16:23:54","modified_gmt":"2025-02-13T16:23:54","slug":"soudal-foam-comfort-emniyet-valfli-kopuk-750-ml","status":"publish","type":"product","link":"http:\/\/www.assosmetal.com.tr\/public_html\/urun\/soudal-foam-comfort-emniyet-valfli-kopuk-750-ml\/","title":{"rendered":"Soudal Foam Comfort Emniyet Valfli K\u00f6p\u00fck 750 ML"},"content":{"rendered":"<p><strong>Soudafoam Comfort, kullan\u0131ma haz\u0131r, tek bile\u015fenli, kendinden yap\u0131\u015fkanl\u0131 poli\u00fcretan k\u00f6p\u00fck.<\/strong><\/p>\n<p><strong>Patentli ak\u0131ll\u0131 tabanca sistemi ( Genius Gun system ) sayesinde poli\u00fcretan k\u00f6p\u00fck uygulamas\u0131 \u00e7ok kolay ve hassas hale gelir.<\/strong><\/p>\n<p><strong>K\u0131smen kullan\u0131lan teneke kutunun birka\u00e7 hafta boyunca tekrar uygulanabilir olmas\u0131 i\u00e7in kal\u0131ptan basma pipeti kullan\u0131m sonras\u0131 kapat\u0131labilir.<\/strong><\/p>\n<ul>\n<li>M\u00fckemmel boyutsal kararl\u0131l\u0131k \u2013 b\u00fcz\u00fclme ve art-geni\u015fleme yok.<\/li>\n<li>M\u00fckemmel bo\u015fluk doldurma \u00f6zelli\u011fi<\/li>\n<li>T\u00fcm yap\u0131 y\u00fczeyleri \u00fczerinde m\u00fckemmel yap\u0131\u015fma \u00f6zelli\u011fi (PE, PP ve PTFE hari\u00e7)<\/li>\n<li>Termal ve akustik anlamda y\u00fcksek izolasyon de\u011ferleri.<\/li>\n<li>M\u00fckemmel kurulum performans\u0131.<\/li>\n<\/ul>\n","protected":false},"excerpt":{"rendered":"<p>Soudafoam Comfort, kullan\u0131ma haz\u0131r, tek bile\u015fenli, kendinden yap\u0131\u015fkanl\u0131 poli\u00fcretan k\u00f6p\u00fck. Patentli ak\u0131ll\u0131 tabanca sistemi ( Genius Gun system ) sayesinde poli\u00fcretan k\u00f6p\u00fck uygulamas\u0131 \u00e7ok kolay ve hassas hale gelir. K\u0131smen kullan\u0131lan teneke kutunun birka\u00e7 hafta boyunca tekrar uygulanabilir olmas\u0131 i\u00e7in kal\u0131ptan basma pipeti kullan\u0131m sonras\u0131 kapat\u0131labilir. M\u00fckemmel boyutsal kararl\u0131l\u0131k \u2013 b\u00fcz\u00fclme ve art-geni\u015fleme yok. M\u00fckemmel [&hellip;]<\/p>\n","protected":false},"featured_media":9640,"comment_status":"open","ping_status":"closed","template":"","meta":[],"product_brand":[42],"product_cat":[72],"product_tag":[],"class_list":{"0":"post-9668","1":"product","2":"type-product","3":"status-publish","4":"has-post-thumbnail","6":"product_brand-tytan","7":"product_cat-montaj-dolgu-kopukleri","9":"first","10":"instock","11":"shipping-taxable","12":"product-type-simple"},"jetpack_sharing_enabled":true,"_links":{"self":[{"href":"http:\/\/www.assosmetal.com.tr\/public_html\/wp-json\/wp\/v2\/product\/9668","targetHints":{"allow":["GET"]}}],"collection":[{"href":"http:\/\/www.assosmetal.com.tr\/public_html\/wp-json\/wp\/v2\/product"}],"about":[{"href":"http:\/\/www.assosmetal.com.tr\/public_html\/wp-json\/wp\/v2\/types\/product"}],"replies":[{"embeddable":true,"href":"http:\/\/www.assosmetal.com.tr\/public_html\/wp-json\/wp\/v2\/comments?post=9668"}],"version-history":[{"count":1,"href":"http:\/\/www.assosmetal.com.tr\/public_html\/wp-json\/wp\/v2\/product\/9668\/revisions"}],"predecessor-version":[{"id":9669,"href":"http:\/\/www.assosmetal.com.tr\/public_html\/wp-json\/wp\/v2\/product\/9668\/revisions\/9669"}],"wp:featuredmedia":[{"embeddable":true,"href":"http:\/\/www.assosmetal.com.tr\/public_html\/wp-json\/wp\/v2\/media\/9640"}],"wp:attachment":[{"href":"http:\/\/www.assosmetal.com.tr\/public_html\/wp-json\/wp\/v2\/media?parent=9668"}],"wp:term":[{"taxonomy":"product_brand","embeddable":true,"href":"http:\/\/www.assosmetal.com.tr\/public_html\/wp-json\/wp\/v2\/product_brand?post=9668"},{"taxonomy":"product_cat","embeddable":true,"href":"http:\/\/www.assosmetal.com.tr\/public_html\/wp-json\/wp\/v2\/product_cat?post=9668"},{"taxonomy":"product_tag","embeddable":true,"href":"http:\/\/www.assosmetal.com.tr\/public_html\/wp-json\/wp\/v2\/product_tag?post=9668"}],"curies":[{"name":"wp","href":"https:\/\/api.w.org\/{rel}","templated":true}]}}