{"id":9674,"date":"2025-02-13T16:30:23","date_gmt":"2025-02-13T16:30:23","guid":{"rendered":"http:\/\/www.assosmetal.com.tr\/public_html\/?post_type=product&#038;p=9674"},"modified":"2025-02-13T16:45:04","modified_gmt":"2025-02-13T16:45:04","slug":"sibax-ns-82-b1-yangina-dayanikli-kopuk-750-ml","status":"publish","type":"product","link":"http:\/\/www.assosmetal.com.tr\/public_html\/urun\/sibax-ns-82-b1-yangina-dayanikli-kopuk-750-ml\/","title":{"rendered":"Sibax NS 82 B1 Yang\u0131na Dayan\u0131kl\u0131 K\u00f6p\u00fck 750 ML"},"content":{"rendered":"<p><strong>Kap\u0131 ve pencere kasalar\u0131n\u0131n yanmaya diren\u00e7li olarak monte edilmesi.<\/strong><\/p>\n<p><strong>Elektrik panolar\u0131, kanallar\u0131 vb.\u2019nin izolasyonu.<\/strong><\/p>\n<p><strong>Yanmaya diren\u00e7li genel bo\u015fluk doldurma uygulamalar\u0131<\/strong><\/p>\n<ul>\n<li>DIN 4102\u2019ye g\u00f6re B1 s\u0131n\u0131f\u0131nad\u0131r.<\/li>\n<li>Yang\u0131n\u0131 tetiklemez.<\/li>\n<li>Yayg\u0131n yap\u0131 malzemelerine g\u00fc\u00e7l\u00fc yap\u0131\u015f\u0131r.<\/li>\n<li>Gaz ve duman izolasyonu sa\u011flar.<\/li>\n<\/ul>\n","protected":false},"excerpt":{"rendered":"<p>Kap\u0131 ve pencere kasalar\u0131n\u0131n yanmaya diren\u00e7li olarak monte edilmesi. Elektrik panolar\u0131, kanallar\u0131 vb.\u2019nin izolasyonu. Yanmaya diren\u00e7li genel bo\u015fluk doldurma uygulamalar\u0131 DIN 4102\u2019ye g\u00f6re B1 s\u0131n\u0131f\u0131nad\u0131r. Yang\u0131n\u0131 tetiklemez. Yayg\u0131n yap\u0131 malzemelerine g\u00fc\u00e7l\u00fc yap\u0131\u015f\u0131r. Gaz ve duman izolasyonu sa\u011flar.<\/p>\n","protected":false},"featured_media":9638,"comment_status":"open","ping_status":"closed","template":"","meta":[],"product_brand":[47],"product_cat":[72],"product_tag":[],"class_list":{"0":"post-9674","1":"product","2":"type-product","3":"status-publish","4":"has-post-thumbnail","6":"product_brand-assos","7":"product_cat-montaj-dolgu-kopukleri","9":"first","10":"instock","11":"shipping-taxable","12":"product-type-simple"},"jetpack_sharing_enabled":true,"_links":{"self":[{"href":"http:\/\/www.assosmetal.com.tr\/public_html\/wp-json\/wp\/v2\/product\/9674","targetHints":{"allow":["GET"]}}],"collection":[{"href":"http:\/\/www.assosmetal.com.tr\/public_html\/wp-json\/wp\/v2\/product"}],"about":[{"href":"http:\/\/www.assosmetal.com.tr\/public_html\/wp-json\/wp\/v2\/types\/product"}],"replies":[{"embeddable":true,"href":"http:\/\/www.assosmetal.com.tr\/public_html\/wp-json\/wp\/v2\/comments?post=9674"}],"version-history":[{"count":1,"href":"http:\/\/www.assosmetal.com.tr\/public_html\/wp-json\/wp\/v2\/product\/9674\/revisions"}],"predecessor-version":[{"id":9675,"href":"http:\/\/www.assosmetal.com.tr\/public_html\/wp-json\/wp\/v2\/product\/9674\/revisions\/9675"}],"wp:featuredmedia":[{"embeddable":true,"href":"http:\/\/www.assosmetal.com.tr\/public_html\/wp-json\/wp\/v2\/media\/9638"}],"wp:attachment":[{"href":"http:\/\/www.assosmetal.com.tr\/public_html\/wp-json\/wp\/v2\/media?parent=9674"}],"wp:term":[{"taxonomy":"product_brand","embeddable":true,"href":"http:\/\/www.assosmetal.com.tr\/public_html\/wp-json\/wp\/v2\/product_brand?post=9674"},{"taxonomy":"product_cat","embeddable":true,"href":"http:\/\/www.assosmetal.com.tr\/public_html\/wp-json\/wp\/v2\/product_cat?post=9674"},{"taxonomy":"product_tag","embeddable":true,"href":"http:\/\/www.assosmetal.com.tr\/public_html\/wp-json\/wp\/v2\/product_tag?post=9674"}],"curies":[{"name":"wp","href":"https:\/\/api.w.org\/{rel}","templated":true}]}}