{"id":9741,"date":"2025-02-13T17:49:10","date_gmt":"2025-02-13T17:49:10","guid":{"rendered":"http:\/\/www.assosmetal.com.tr\/public_html\/?post_type=product&#038;p=9741"},"modified":"2025-02-13T17:58:23","modified_gmt":"2025-02-13T17:58:23","slug":"tytan-professional-montaj-kit","status":"publish","type":"product","link":"http:\/\/www.assosmetal.com.tr\/public_html\/urun\/tytan-professional-montaj-kit\/","title":{"rendered":"Tytan Professional Montaj Kit"},"content":{"rendered":"<p><strong>Organik solvent i\u00e7erisinde sentetik kau\u00e7uk esasl\u0131 yap\u0131\u015ft\u0131r\u0131c\u0131. \u00c7e\u015fitli montaj ve son i\u015flemler i\u00e7in kullan\u0131l\u0131r.<\/strong><\/p>\n<p><strong>UYGULAMALAR:<\/strong><\/p>\n<p><strong>Geni\u015f bir yelpazedeki in\u015faat malzemelerinin en<\/strong><br \/>\n<strong>tipik y\u00fczeylere yap\u0131\u015ft\u0131r\u0131lmas\u0131 i\u00e7in : beton, al\u00e7\u0131,<\/strong><br \/>\n<strong>sunta, ah\u015fap, al\u00e7\u0131pan, tu\u011fla gibi<\/strong><br \/>\n<strong>S\u00fcp\u00fcrgelik, kap\u0131 e\u015fi\u011fi, d\u00f6\u015feme paneli, seramik<\/strong><br \/>\n<strong>kaplama malzemelerin yap\u0131\u015ft\u0131r\u0131lmas\u0131nda<\/strong><br \/>\n<strong>Ah\u015fap, al\u00e7\u0131, mantar, sunta, metal, ta\u015flar, k\u00f6p\u00fckl\u00fc<\/strong><br \/>\n<strong>polistirenden yap\u0131lm\u0131\u015f dekoratif elemanlar\u0131n<\/strong><br \/>\n<strong>yap\u0131\u015ft\u0131r\u0131lmas\u0131nda<\/strong><br \/>\n<strong>Ta\u015f ve cam y\u00fcn\u00fc yap\u0131\u015ft\u0131r\u0131lmas\u0131nda<\/strong><br \/>\n<strong>Hal\u0131lar\u0131n ve pvc zemin kaplamalar\u0131n\u0131n<\/strong><br \/>\n<strong>yap\u0131\u015ft\u0131r\u0131lmas\u0131nda<\/strong><\/p>\n<p><strong>AVANTAJLARI:<\/strong><\/p>\n<p><strong>H\u0131zl\u0131 ve dayan\u0131kl\u0131 ilk tutunma<\/strong><br \/>\n<strong>Esnek ba\u011flant\u0131<\/strong><br \/>\n<strong>Y\u00fcksek mukavemet<\/strong><br \/>\n<strong>M\u00fckemmel yap\u0131\u015fma<\/strong><br \/>\n<strong>Neme kar\u015f\u0131 diren\u00e7li<\/strong><\/p>\n<ul>\n<li>Uygulama s\u0131cakl\u0131\u011f\u0131 : +10\u00b0C ile +30\u00b0C aras\u0131nda<\/li>\n<li>Yap\u0131\u015fma s\u0131cakl\u0131\u011f\u0131 : +15\u00b0C ile +20\u00b0C aras\u0131nda<\/li>\n<li>Ba\u011f\u0131l hava nemi [%] : 60<\/li>\n<\/ul>\n","protected":false},"excerpt":{"rendered":"<p>Organik solvent i\u00e7erisinde sentetik kau\u00e7uk esasl\u0131 yap\u0131\u015ft\u0131r\u0131c\u0131. \u00c7e\u015fitli montaj ve son i\u015flemler i\u00e7in kullan\u0131l\u0131r. UYGULAMALAR: Geni\u015f bir yelpazedeki in\u015faat malzemelerinin en tipik y\u00fczeylere yap\u0131\u015ft\u0131r\u0131lmas\u0131 i\u00e7in : beton, al\u00e7\u0131, sunta, ah\u015fap, al\u00e7\u0131pan, tu\u011fla gibi S\u00fcp\u00fcrgelik, kap\u0131 e\u015fi\u011fi, d\u00f6\u015feme paneli, seramik kaplama malzemelerin yap\u0131\u015ft\u0131r\u0131lmas\u0131nda Ah\u015fap, al\u00e7\u0131, mantar, sunta, metal, ta\u015flar, k\u00f6p\u00fckl\u00fc polistirenden yap\u0131lm\u0131\u015f dekoratif elemanlar\u0131n yap\u0131\u015ft\u0131r\u0131lmas\u0131nda Ta\u015f [&hellip;]<\/p>\n","protected":false},"featured_media":9713,"comment_status":"open","ping_status":"closed","template":"","meta":[],"product_brand":[],"product_cat":[37],"product_tag":[],"class_list":{"0":"post-9741","1":"product","2":"type-product","3":"status-publish","4":"has-post-thumbnail","6":"product_cat-montaj-yapistiricilar","8":"first","9":"instock","10":"shipping-taxable","11":"product-type-simple"},"jetpack_sharing_enabled":true,"_links":{"self":[{"href":"http:\/\/www.assosmetal.com.tr\/public_html\/wp-json\/wp\/v2\/product\/9741","targetHints":{"allow":["GET"]}}],"collection":[{"href":"http:\/\/www.assosmetal.com.tr\/public_html\/wp-json\/wp\/v2\/product"}],"about":[{"href":"http:\/\/www.assosmetal.com.tr\/public_html\/wp-json\/wp\/v2\/types\/product"}],"replies":[{"embeddable":true,"href":"http:\/\/www.assosmetal.com.tr\/public_html\/wp-json\/wp\/v2\/comments?post=9741"}],"version-history":[{"count":1,"href":"http:\/\/www.assosmetal.com.tr\/public_html\/wp-json\/wp\/v2\/product\/9741\/revisions"}],"predecessor-version":[{"id":9742,"href":"http:\/\/www.assosmetal.com.tr\/public_html\/wp-json\/wp\/v2\/product\/9741\/revisions\/9742"}],"wp:featuredmedia":[{"embeddable":true,"href":"http:\/\/www.assosmetal.com.tr\/public_html\/wp-json\/wp\/v2\/media\/9713"}],"wp:attachment":[{"href":"http:\/\/www.assosmetal.com.tr\/public_html\/wp-json\/wp\/v2\/media?parent=9741"}],"wp:term":[{"taxonomy":"product_brand","embeddable":true,"href":"http:\/\/www.assosmetal.com.tr\/public_html\/wp-json\/wp\/v2\/product_brand?post=9741"},{"taxonomy":"product_cat","embeddable":true,"href":"http:\/\/www.assosmetal.com.tr\/public_html\/wp-json\/wp\/v2\/product_cat?post=9741"},{"taxonomy":"product_tag","embeddable":true,"href":"http:\/\/www.assosmetal.com.tr\/public_html\/wp-json\/wp\/v2\/product_tag?post=9741"}],"curies":[{"name":"wp","href":"https:\/\/api.w.org\/{rel}","templated":true}]}}