{"id":9788,"date":"2025-02-13T18:34:13","date_gmt":"2025-02-13T18:34:13","guid":{"rendered":"http:\/\/www.assosmetal.com.tr\/public_html\/?post_type=product&#038;p=9788"},"modified":"2025-02-13T18:34:13","modified_gmt":"2025-02-13T18:34:13","slug":"tytan-professional-pu-45-poliuretan-mastik-600-ml-sosis","status":"publish","type":"product","link":"http:\/\/www.assosmetal.com.tr\/public_html\/urun\/tytan-professional-pu-45-poliuretan-mastik-600-ml-sosis\/","title":{"rendered":"Tytan Professional PU &#8211; 45 Poli\u00fcretan Mastik 600 ML Sosis"},"content":{"rendered":"<p><strong>Nem ile temasta hava s\u0131cakl\u0131\u011f\u0131nda k\u00fcrlenen tek bile\u015fenli, y\u00fcksek mod\u00fcll\u00fc poli\u00fcretan mastik.<\/strong><\/p>\n<p><strong>UYGULAMALAR:<\/strong><\/p>\n<p><strong>\u0130n\u015faat, otomotiv, gemi yap\u0131m\u0131 sekt\u00f6r\u00fcnde<\/strong><br \/>\n<strong>Kaporta, karavan ve konteyner yap\u0131m\u0131 ve onar\u0131m\u0131<\/strong><br \/>\n<strong>\u00c7atlaklar\u0131n doldurulmas\u0131nda<\/strong><br \/>\n<strong>Hem i\u00e7 hem de d\u0131\u015f mekanlarda bulunan dekoratif<\/strong><br \/>\n<strong>elemanlar\u0131n yap\u0131\u015ft\u0131r\u0131lmas\u0131: fayanslar, s\u00fcp\u00fcrgelikler vb.<\/strong><br \/>\n<strong>Farkl\u0131 malzemelerin i\u00e7 panellerinin elastik \u015fekilde ba\u011flanmas\u0131: al\u00fcminyum veya al\u00fcminyum-kompozit,<\/strong><br \/>\n<strong>seramik, elyaf, ah\u015fap, metal vs.<\/strong><br \/>\n<strong>End\u00fcstriyel beton zeminlerinde bulunan derzlerin s\u0131zd\u0131rmazl\u0131\u011f\u0131nda<\/strong><\/p>\n<p><strong>AVANTAJLARI:<\/strong><\/p>\n<p><strong>Metalleri a\u015f\u0131nd\u0131rmaz ve alkali y\u00fczeylerde uygulanabilir<\/strong><br \/>\n<strong>(beton,mermer vb.)<\/strong><br \/>\n<strong>Genellikle modern in\u015faatlarda kullan\u0131lan geni\u015f bir yelpazedeki alt tabakalara iyi yap\u0131\u015fma<\/strong><br \/>\n<strong>B\u00fcz\u00fclme yapmaz<\/strong><br \/>\n<strong>Boyanabilir<\/strong><br \/>\n<strong>Titre\u015fimleri absorbe eder<\/strong><\/p>\n<ul>\n<li>Renk : Beyaz, gri, siyah<\/li>\n<li>G\u00f6r\u00fcn\u00fcm : Homojen k\u0131vam<\/li>\n<li>Kayma dayan\u0131m\u0131 (ISO 7390) : 0 mm<\/li>\n<li>Kabuk yapma s\u00fcresi : &lt; 40 dk<\/li>\n<li>K\u00fcrlenme oran\u0131 (23\u00b0C s\u0131cakl\u0131k ve %55 ba\u011f\u0131l nemde): 3 mm\/24 sa.<\/li>\n<li>Uygulama s\u0131cakl\u0131\u011f\u0131 : +5\u00b0C ile +40\u00b0C aras\u0131nda<\/li>\n<li>Sertlik (Shore A, ISO 868) : 45 &#8211; 55<\/li>\n<\/ul>\n","protected":false},"excerpt":{"rendered":"<p>Nem ile temasta hava s\u0131cakl\u0131\u011f\u0131nda k\u00fcrlenen tek bile\u015fenli, y\u00fcksek mod\u00fcll\u00fc poli\u00fcretan mastik. UYGULAMALAR: \u0130n\u015faat, otomotiv, gemi yap\u0131m\u0131 sekt\u00f6r\u00fcnde Kaporta, karavan ve konteyner yap\u0131m\u0131 ve onar\u0131m\u0131 \u00c7atlaklar\u0131n doldurulmas\u0131nda Hem i\u00e7 hem de d\u0131\u015f mekanlarda bulunan dekoratif elemanlar\u0131n yap\u0131\u015ft\u0131r\u0131lmas\u0131: fayanslar, s\u00fcp\u00fcrgelikler vb. Farkl\u0131 malzemelerin i\u00e7 panellerinin elastik \u015fekilde ba\u011flanmas\u0131: al\u00fcminyum veya al\u00fcminyum-kompozit, seramik, elyaf, ah\u015fap, metal vs. [&hellip;]<\/p>\n","protected":false},"featured_media":9782,"comment_status":"open","ping_status":"closed","template":"","meta":[],"product_brand":[42],"product_cat":[77],"product_tag":[],"class_list":{"0":"post-9788","1":"product","2":"type-product","3":"status-publish","4":"has-post-thumbnail","6":"product_brand-tytan","7":"product_cat-cephe-silikonlar","9":"first","10":"instock","11":"shipping-taxable","12":"product-type-simple"},"jetpack_sharing_enabled":true,"_links":{"self":[{"href":"http:\/\/www.assosmetal.com.tr\/public_html\/wp-json\/wp\/v2\/product\/9788","targetHints":{"allow":["GET"]}}],"collection":[{"href":"http:\/\/www.assosmetal.com.tr\/public_html\/wp-json\/wp\/v2\/product"}],"about":[{"href":"http:\/\/www.assosmetal.com.tr\/public_html\/wp-json\/wp\/v2\/types\/product"}],"replies":[{"embeddable":true,"href":"http:\/\/www.assosmetal.com.tr\/public_html\/wp-json\/wp\/v2\/comments?post=9788"}],"version-history":[{"count":1,"href":"http:\/\/www.assosmetal.com.tr\/public_html\/wp-json\/wp\/v2\/product\/9788\/revisions"}],"predecessor-version":[{"id":9789,"href":"http:\/\/www.assosmetal.com.tr\/public_html\/wp-json\/wp\/v2\/product\/9788\/revisions\/9789"}],"wp:featuredmedia":[{"embeddable":true,"href":"http:\/\/www.assosmetal.com.tr\/public_html\/wp-json\/wp\/v2\/media\/9782"}],"wp:attachment":[{"href":"http:\/\/www.assosmetal.com.tr\/public_html\/wp-json\/wp\/v2\/media?parent=9788"}],"wp:term":[{"taxonomy":"product_brand","embeddable":true,"href":"http:\/\/www.assosmetal.com.tr\/public_html\/wp-json\/wp\/v2\/product_brand?post=9788"},{"taxonomy":"product_cat","embeddable":true,"href":"http:\/\/www.assosmetal.com.tr\/public_html\/wp-json\/wp\/v2\/product_cat?post=9788"},{"taxonomy":"product_tag","embeddable":true,"href":"http:\/\/www.assosmetal.com.tr\/public_html\/wp-json\/wp\/v2\/product_tag?post=9788"}],"curies":[{"name":"wp","href":"https:\/\/api.w.org\/{rel}","templated":true}]}}